{"id":881,"date":"2021-09-29T08:02:58","date_gmt":"2021-09-29T07:02:58","guid":{"rendered":"https:\/\/www.machinesproduction.fr\/tv\/?page_id=881"},"modified":"2021-09-29T10:03:07","modified_gmt":"2021-09-29T09:03:07","slug":"live-2-heidenhain-france","status":"publish","type":"page","link":"https:\/\/www.machinesproduction.fr\/tv\/live-2-heidenhain-france\/","title":{"rendered":"Live 2 &#8211; Heidenhain France"},"content":{"rendered":"<section class=\"wpb-content-wrapper\"><p>[vc_row][vc_column][vc_column_text]<\/p>\n<h1><img loading=\"lazy\" decoding=\"async\" class=\"wp-image-878 alignleft\" src=\"https:\/\/www.machinesproduction.fr\/tv\/wp-content\/uploads\/2021\/09\/GLOBAL-INDUSTRIe.png\" alt=\"salon global industrie 2021\" width=\"201\" height=\"75\" \/><span style=\"color: #459bd9;\">Interview <strong>Heidenhain France<\/strong><\/span><\/h1>\n<h2><span style=\"color: #459bd9;\">Salon Global Industrie 2021<\/span><\/h2>\n<p>[\/vc_column_text][vc_column_text]<strong>Nicolas Serre<\/strong>, directeur g\u00e9n\u00e9ral de Heidenhain France, pr\u00e9sente <strong>StateMonitor, un logiciel de supervision d\u2019atelier<\/strong> sur lequel les machines-outils peuvent \u00eatre connect\u00e9es, quelle que soit la marque de la commande num\u00e9rique. \u00a0Il d\u00e9livrera, notamment, un \u00e9tat des lieux instantan\u00e9 de l\u2019\u00e9tat de chaque machine.<\/p>\n<p><strong>Heidenhain<\/strong> est une entreprise allemande sp\u00e9cialis\u00e9e dans les commandes num\u00e9riques pour machines-outils, capteurs rotatifs absolus et incr\u00e9mentaux. Disposant d\u2019une filiale en France, \u00e0 S\u00e8vres (Hauts-de-Seine), elle con\u00e7oit \u00e9galement des syst\u00e8mes de mesure lin\u00e9aire et angulaire.[\/vc_column_text][vc_video link=&#8221;https:\/\/youtu.be\/Hb_0-xpZQpc&#8221;][vc_btn title=&#8221;Retour aux MP LIVE&#8221; style=&#8221;custom&#8221; custom_background=&#8221;#009ddf&#8221; custom_text=&#8221;#ffffff&#8221; shape=&#8221;round&#8221; i_icon_fontawesome=&#8221;fas fa-arrow-left&#8221; add_icon=&#8221;true&#8221; link=&#8221;url:https%3A%2F%2Fwww.machinesproduction.fr%2Ftv%2Fles-mp-live%2F|title:les%20Focus&#8221;][\/vc_column][\/vc_row]<\/p>\n<\/section>","protected":false},"excerpt":{"rendered":"<p>[vc_row][vc_column][vc_column_text] Interview Heidenhain France Salon Global Industrie 2021 [\/vc_column_text][vc_column_text]Nicolas Serre, directeur g\u00e9n\u00e9ral de Heidenhain France, pr\u00e9sente StateMonitor, un logiciel de supervision d\u2019atelier sur lequel les machines-outils peuvent \u00eatre connect\u00e9es, quelle que soit la marque de la commande num\u00e9rique. \u00a0Il d\u00e9livrera, notamment, un \u00e9tat des lieux instantan\u00e9 de l\u2019\u00e9tat de chaque machine. Heidenhain est une entreprise [&hellip;]<\/p>\n","protected":false},"author":3,"featured_media":0,"parent":0,"menu_order":0,"comment_status":"closed","ping_status":"closed","template":"","meta":{"_monsterinsights_skip_tracking":false,"_monsterinsights_sitenote_active":false,"_monsterinsights_sitenote_note":"","_monsterinsights_sitenote_category":0,"footnotes":""},"wf_page_folders":[13],"class_list":["post-881","page","type-page","status-publish","hentry"],"yoast_head":"<!-- This site is optimized with the Yoast SEO plugin v27.1.1 - https:\/\/yoast.com\/product\/yoast-seo-wordpress\/ -->\n<title>Heidenhain France sur le salon Global Industrie 2021<\/title>\n<meta name=\"description\" content=\"Interview de Nicolas Serre, directeur g\u00e9n\u00e9ral de Heidenhain France sur le salon Global Industrie 2021. R\u00e9alis\u00e9 par J\u00e9r\u00f4me Meyrand, r\u00e9dacteur en chef de Machines Production.\" \/>\n<meta name=\"robots\" content=\"index, follow, max-snippet:-1, max-image-preview:large, max-video-preview:-1\" \/>\n<link rel=\"canonical\" href=\"https:\/\/www.machinesproduction.fr\/tv\/live-2-heidenhain-france\/\" \/>\n<meta property=\"og:locale\" content=\"fr_FR\" \/>\n<meta property=\"og:type\" content=\"article\" \/>\n<meta property=\"og:title\" content=\"Heidenhain France sur le salon Global Industrie 2021\" \/>\n<meta property=\"og:description\" content=\"Interview de Nicolas Serre, directeur g\u00e9n\u00e9ral de Heidenhain France sur le salon Global Industrie 2021. R\u00e9alis\u00e9 par J\u00e9r\u00f4me Meyrand, r\u00e9dacteur en chef de Machines Production.\" \/>\n<meta property=\"og:url\" content=\"https:\/\/www.machinesproduction.fr\/tv\/live-2-heidenhain-france\/\" \/>\n<meta property=\"og:site_name\" content=\"Machines Production TV\" \/>\n<meta property=\"article:modified_time\" content=\"2021-09-29T09:03:07+00:00\" \/>\n<meta property=\"og:image\" content=\"https:\/\/www.machinesproduction.fr\/tv\/wp-content\/uploads\/2021\/09\/GLOBAL-INDUSTRIe.png\" \/>\n<meta name=\"twitter:card\" content=\"summary_large_image\" \/>\n<meta name=\"twitter:label1\" content=\"Dur\u00e9e de lecture estim\u00e9e\" \/>\n\t<meta name=\"twitter:data1\" content=\"1 minute\" \/>\n<script type=\"application\/ld+json\" class=\"yoast-schema-graph\">{\"@context\":\"https:\/\/schema.org\",\"@graph\":[{\"@type\":\"WebPage\",\"@id\":\"https:\/\/www.machinesproduction.fr\/tv\/live-2-heidenhain-france\/\",\"url\":\"https:\/\/www.machinesproduction.fr\/tv\/live-2-heidenhain-france\/\",\"name\":\"Heidenhain France sur le salon Global Industrie 2021\",\"isPartOf\":{\"@id\":\"https:\/\/www.machinesproduction.fr\/tv\/#website\"},\"primaryImageOfPage\":{\"@id\":\"https:\/\/www.machinesproduction.fr\/tv\/live-2-heidenhain-france\/#primaryimage\"},\"image\":{\"@id\":\"https:\/\/www.machinesproduction.fr\/tv\/live-2-heidenhain-france\/#primaryimage\"},\"thumbnailUrl\":\"https:\/\/www.machinesproduction.fr\/tv\/wp-content\/uploads\/2021\/09\/GLOBAL-INDUSTRIe.png\",\"datePublished\":\"2021-09-29T07:02:58+00:00\",\"dateModified\":\"2021-09-29T09:03:07+00:00\",\"description\":\"Interview de Nicolas Serre, directeur g\u00e9n\u00e9ral de Heidenhain France sur le salon Global Industrie 2021. R\u00e9alis\u00e9 par J\u00e9r\u00f4me Meyrand, r\u00e9dacteur en chef de Machines Production.\",\"breadcrumb\":{\"@id\":\"https:\/\/www.machinesproduction.fr\/tv\/live-2-heidenhain-france\/#breadcrumb\"},\"inLanguage\":\"fr-FR\",\"potentialAction\":[{\"@type\":\"ReadAction\",\"target\":[\"https:\/\/www.machinesproduction.fr\/tv\/live-2-heidenhain-france\/\"]}]},{\"@type\":\"ImageObject\",\"inLanguage\":\"fr-FR\",\"@id\":\"https:\/\/www.machinesproduction.fr\/tv\/live-2-heidenhain-france\/#primaryimage\",\"url\":\"https:\/\/www.machinesproduction.fr\/tv\/wp-content\/uploads\/2021\/09\/GLOBAL-INDUSTRIe.png\",\"contentUrl\":\"https:\/\/www.machinesproduction.fr\/tv\/wp-content\/uploads\/2021\/09\/GLOBAL-INDUSTRIe.png\",\"width\":1094,\"height\":409,\"caption\":\"salon global industrie 2021\"},{\"@type\":\"BreadcrumbList\",\"@id\":\"https:\/\/www.machinesproduction.fr\/tv\/live-2-heidenhain-france\/#breadcrumb\",\"itemListElement\":[{\"@type\":\"ListItem\",\"position\":1,\"name\":\"Home\",\"item\":\"https:\/\/www.machinesproduction.fr\/tv\/\"},{\"@type\":\"ListItem\",\"position\":2,\"name\":\"Live 2 &#8211; Heidenhain France\"}]},{\"@type\":\"WebSite\",\"@id\":\"https:\/\/www.machinesproduction.fr\/tv\/#website\",\"url\":\"https:\/\/www.machinesproduction.fr\/tv\/\",\"name\":\"Machines Production TV\",\"description\":\"\",\"potentialAction\":[{\"@type\":\"SearchAction\",\"target\":{\"@type\":\"EntryPoint\",\"urlTemplate\":\"https:\/\/www.machinesproduction.fr\/tv\/?s={search_term_string}\"},\"query-input\":{\"@type\":\"PropertyValueSpecification\",\"valueRequired\":true,\"valueName\":\"search_term_string\"}}],\"inLanguage\":\"fr-FR\"}]}<\/script>\n<!-- \/ Yoast SEO plugin. -->","yoast_head_json":{"title":"Heidenhain France sur le salon Global Industrie 2021","description":"Interview de Nicolas Serre, directeur g\u00e9n\u00e9ral de Heidenhain France sur le salon Global Industrie 2021. R\u00e9alis\u00e9 par J\u00e9r\u00f4me Meyrand, r\u00e9dacteur en chef de Machines Production.","robots":{"index":"index","follow":"follow","max-snippet":"max-snippet:-1","max-image-preview":"max-image-preview:large","max-video-preview":"max-video-preview:-1"},"canonical":"https:\/\/www.machinesproduction.fr\/tv\/live-2-heidenhain-france\/","og_locale":"fr_FR","og_type":"article","og_title":"Heidenhain France sur le salon Global Industrie 2021","og_description":"Interview de Nicolas Serre, directeur g\u00e9n\u00e9ral de Heidenhain France sur le salon Global Industrie 2021. R\u00e9alis\u00e9 par J\u00e9r\u00f4me Meyrand, r\u00e9dacteur en chef de Machines Production.","og_url":"https:\/\/www.machinesproduction.fr\/tv\/live-2-heidenhain-france\/","og_site_name":"Machines Production TV","article_modified_time":"2021-09-29T09:03:07+00:00","og_image":[{"url":"https:\/\/www.machinesproduction.fr\/tv\/wp-content\/uploads\/2021\/09\/GLOBAL-INDUSTRIe.png","type":"","width":"","height":""}],"twitter_card":"summary_large_image","twitter_misc":{"Dur\u00e9e de lecture estim\u00e9e":"1 minute"},"schema":{"@context":"https:\/\/schema.org","@graph":[{"@type":"WebPage","@id":"https:\/\/www.machinesproduction.fr\/tv\/live-2-heidenhain-france\/","url":"https:\/\/www.machinesproduction.fr\/tv\/live-2-heidenhain-france\/","name":"Heidenhain France sur le salon Global Industrie 2021","isPartOf":{"@id":"https:\/\/www.machinesproduction.fr\/tv\/#website"},"primaryImageOfPage":{"@id":"https:\/\/www.machinesproduction.fr\/tv\/live-2-heidenhain-france\/#primaryimage"},"image":{"@id":"https:\/\/www.machinesproduction.fr\/tv\/live-2-heidenhain-france\/#primaryimage"},"thumbnailUrl":"https:\/\/www.machinesproduction.fr\/tv\/wp-content\/uploads\/2021\/09\/GLOBAL-INDUSTRIe.png","datePublished":"2021-09-29T07:02:58+00:00","dateModified":"2021-09-29T09:03:07+00:00","description":"Interview de Nicolas Serre, directeur g\u00e9n\u00e9ral de Heidenhain France sur le salon Global Industrie 2021. R\u00e9alis\u00e9 par J\u00e9r\u00f4me Meyrand, r\u00e9dacteur en chef de Machines Production.","breadcrumb":{"@id":"https:\/\/www.machinesproduction.fr\/tv\/live-2-heidenhain-france\/#breadcrumb"},"inLanguage":"fr-FR","potentialAction":[{"@type":"ReadAction","target":["https:\/\/www.machinesproduction.fr\/tv\/live-2-heidenhain-france\/"]}]},{"@type":"ImageObject","inLanguage":"fr-FR","@id":"https:\/\/www.machinesproduction.fr\/tv\/live-2-heidenhain-france\/#primaryimage","url":"https:\/\/www.machinesproduction.fr\/tv\/wp-content\/uploads\/2021\/09\/GLOBAL-INDUSTRIe.png","contentUrl":"https:\/\/www.machinesproduction.fr\/tv\/wp-content\/uploads\/2021\/09\/GLOBAL-INDUSTRIe.png","width":1094,"height":409,"caption":"salon global industrie 2021"},{"@type":"BreadcrumbList","@id":"https:\/\/www.machinesproduction.fr\/tv\/live-2-heidenhain-france\/#breadcrumb","itemListElement":[{"@type":"ListItem","position":1,"name":"Home","item":"https:\/\/www.machinesproduction.fr\/tv\/"},{"@type":"ListItem","position":2,"name":"Live 2 &#8211; Heidenhain France"}]},{"@type":"WebSite","@id":"https:\/\/www.machinesproduction.fr\/tv\/#website","url":"https:\/\/www.machinesproduction.fr\/tv\/","name":"Machines Production TV","description":"","potentialAction":[{"@type":"SearchAction","target":{"@type":"EntryPoint","urlTemplate":"https:\/\/www.machinesproduction.fr\/tv\/?s={search_term_string}"},"query-input":{"@type":"PropertyValueSpecification","valueRequired":true,"valueName":"search_term_string"}}],"inLanguage":"fr-FR"}]}},"_links":{"self":[{"href":"https:\/\/www.machinesproduction.fr\/tv\/wp-json\/wp\/v2\/pages\/881","targetHints":{"allow":["GET"]}}],"collection":[{"href":"https:\/\/www.machinesproduction.fr\/tv\/wp-json\/wp\/v2\/pages"}],"about":[{"href":"https:\/\/www.machinesproduction.fr\/tv\/wp-json\/wp\/v2\/types\/page"}],"author":[{"embeddable":true,"href":"https:\/\/www.machinesproduction.fr\/tv\/wp-json\/wp\/v2\/users\/3"}],"replies":[{"embeddable":true,"href":"https:\/\/www.machinesproduction.fr\/tv\/wp-json\/wp\/v2\/comments?post=881"}],"version-history":[{"count":4,"href":"https:\/\/www.machinesproduction.fr\/tv\/wp-json\/wp\/v2\/pages\/881\/revisions"}],"predecessor-version":[{"id":894,"href":"https:\/\/www.machinesproduction.fr\/tv\/wp-json\/wp\/v2\/pages\/881\/revisions\/894"}],"wp:attachment":[{"href":"https:\/\/www.machinesproduction.fr\/tv\/wp-json\/wp\/v2\/media?parent=881"}],"wp:term":[{"taxonomy":"wf_page_folders","embeddable":true,"href":"https:\/\/www.machinesproduction.fr\/tv\/wp-json\/wp\/v2\/wf_page_folders?post=881"}],"curies":[{"name":"wp","href":"https:\/\/api.w.org\/{rel}","templated":true}]}}

<section class="wpb-content-wrapper"><p>[vc_row][vc_column][vc_column_text]</p>
<h1><img loading="lazy" decoding="async" class="wp-image-878 alignleft" src="https://www.machinesproduction.fr/tv/wp-content/uploads/2021/09/GLOBAL-INDUSTRIe.png" alt="salon global industrie 2021" width="201" height="75" /><span style="color: #459bd9;">Interview <strong>Heidenhain France</strong></span></h1>
<h2><span style="color: #459bd9;">Salon Global Industrie 2021</span></h2>
<p>[/vc_column_text][vc_column_text]<strong>Nicolas Serre</strong>, directeur général de Heidenhain France, présente <strong>StateMonitor, un logiciel de supervision d’atelier</strong> sur lequel les machines-outils peuvent être connectées, quelle que soit la marque de la commande numérique.  Il délivrera, notamment, un état des lieux instantané de l’état de chaque machine.</p>
<p><strong>Heidenhain</strong> est une entreprise allemande spécialisée dans les commandes numériques pour machines-outils, capteurs rotatifs absolus et incrémentaux. Disposant d’une filiale en France, à Sèvres (Hauts-de-Seine), elle conçoit également des systèmes de mesure linéaire et angulaire.[/vc_column_text][vc_video link=&#8221;https://youtu.be/Hb_0-xpZQpc&#8221;][vc_btn title=&#8221;Retour aux MP LIVE&#8221; style=&#8221;custom&#8221; custom_background=&#8221;#009ddf&#8221; custom_text=&#8221;#ffffff&#8221; shape=&#8221;round&#8221; i_icon_fontawesome=&#8221;fas fa-arrow-left&#8221; add_icon=&#8221;true&#8221; link=&#8221;url:https%3A%2F%2Fwww.machinesproduction.fr%2Ftv%2Fles-mp-live%2F|title:les%20Focus&#8221;][/vc_column][/vc_row]</p>
</section>

<p>[vc_row][vc_column][vc_column_text] Interview Heidenhain France Salon Global Industrie 2021 [/vc_column_text][vc_column_text]Nicolas Serre, directeur général de Heidenhain France, présente StateMonitor, un logiciel de supervision d’atelier sur lequel les machines-outils peuvent être connectées, quelle que soit la marque de la commande numérique.  Il délivrera, notamment, un état des lieux instantané de l’état de chaque machine. Heidenhain est une entreprise [&hellip;]</p>

<!-- This site is optimized with the Yoast SEO plugin v27.1.1 - https://yoast.com/product/yoast-seo-wordpress/ -->
<title>Heidenhain France sur le salon Global Industrie 2021</title>
<meta name="description" content="Interview de Nicolas Serre, directeur général de Heidenhain France sur le salon Global Industrie 2021. Réalisé par Jérôme Meyrand, rédacteur en chef de Machines Production." />
<meta name="robots" content="index, follow, max-snippet:-1, max-image-preview:large, max-video-preview:-1" />
<link rel="canonical" href="https://www.machinesproduction.fr/tv/live-2-heidenhain-france/" />
<meta property="og:locale" content="fr_FR" />
<meta property="og:type" content="article" />
<meta property="og:title" content="Heidenhain France sur le salon Global Industrie 2021" />
<meta property="og:description" content="Interview de Nicolas Serre, directeur général de Heidenhain France sur le salon Global Industrie 2021. Réalisé par Jérôme Meyrand, rédacteur en chef de Machines Production." />
<meta property="og:url" content="https://www.machinesproduction.fr/tv/live-2-heidenhain-france/" />
<meta property="og:site_name" content="Machines Production TV" />
<meta property="article:modified_time" content="2021-09-29T09:03:07+00:00" />
<meta property="og:image" content="https://www.machinesproduction.fr/tv/wp-content/uploads/2021/09/GLOBAL-INDUSTRIe.png" />
<meta name="twitter:card" content="summary_large_image" />
<meta name="twitter:label1" content="Durée de lecture estimée" />
	<meta name="twitter:data1" content="1 minute" />
<script type="application/ld+json" class="yoast-schema-graph">{"@context":"https://schema.org","@graph":[{"@type":"WebPage","@id":"https://www.machinesproduction.fr/tv/live-2-heidenhain-france/","url":"https://www.machinesproduction.fr/tv/live-2-heidenhain-france/","name":"Heidenhain France sur le salon Global Industrie 2021","isPartOf":{"@id":"https://www.machinesproduction.fr/tv/#website"},"primaryImageOfPage":{"@id":"https://www.machinesproduction.fr/tv/live-2-heidenhain-france/#primaryimage"},"image":{"@id":"https://www.machinesproduction.fr/tv/live-2-heidenhain-france/#primaryimage"},"thumbnailUrl":"https://www.machinesproduction.fr/tv/wp-content/uploads/2021/09/GLOBAL-INDUSTRIe.png","datePublished":"2021-09-29T07:02:58+00:00","dateModified":"2021-09-29T09:03:07+00:00","description":"Interview de Nicolas Serre, directeur général de Heidenhain France sur le salon Global Industrie 2021. Réalisé par Jérôme Meyrand, rédacteur en chef de Machines Production.","breadcrumb":{"@id":"https://www.machinesproduction.fr/tv/live-2-heidenhain-france/#breadcrumb"},"inLanguage":"fr-FR","potentialAction":[{"@type":"ReadAction","target":["https://www.machinesproduction.fr/tv/live-2-heidenhain-france/"]}]},{"@type":"ImageObject","inLanguage":"fr-FR","@id":"https://www.machinesproduction.fr/tv/live-2-heidenhain-france/#primaryimage","url":"https://www.machinesproduction.fr/tv/wp-content/uploads/2021/09/GLOBAL-INDUSTRIe.png","contentUrl":"https://www.machinesproduction.fr/tv/wp-content/uploads/2021/09/GLOBAL-INDUSTRIe.png","width":1094,"height":409,"caption":"salon global industrie 2021"},{"@type":"BreadcrumbList","@id":"https://www.machinesproduction.fr/tv/live-2-heidenhain-france/#breadcrumb","itemListElement":[{"@type":"ListItem","position":1,"name":"Home","item":"https://www.machinesproduction.fr/tv/"},{"@type":"ListItem","position":2,"name":"Live 2 &#8211; Heidenhain France"}]},{"@type":"WebSite","@id":"https://www.machinesproduction.fr/tv/#website","url":"https://www.machinesproduction.fr/tv/","name":"Machines Production TV","description":"","potentialAction":[{"@type":"SearchAction","target":{"@type":"EntryPoint","urlTemplate":"https://www.machinesproduction.fr/tv/?s={search_term_string}"},"query-input":{"@type":"PropertyValueSpecification","valueRequired":true,"valueName":"search_term_string"}}],"inLanguage":"fr-FR"}]}</script>
<!-- / Yoast SEO plugin. -->

Interview de Nicolas Serre, directeur général de Heidenhain France sur le salon Global Industrie 2021. Réalisé par Jérôme Meyrand, rédacteur en chef de Machines Production.
