{"id":1833,"date":"2023-03-22T12:14:36","date_gmt":"2023-03-22T11:14:36","guid":{"rendered":"https:\/\/www.machinesproduction.fr\/tv\/?page_id=1833"},"modified":"2023-03-22T12:17:06","modified_gmt":"2023-03-22T11:17:06","slug":"focus-1-zeiss","status":"publish","type":"page","link":"https:\/\/www.machinesproduction.fr\/tv\/focus-1-zeiss\/","title":{"rendered":"Focus 1 &#8211; ZEISS"},"content":{"rendered":"<section class=\"wpb-content-wrapper\"><p>[vc_row][vc_column][vc_video link=&#8221;https:\/\/www.youtube.com\/watch?v=vQDD188OxuA&#8221;][vc_btn title=&#8221;Retour aux FOCUS&#8221; style=&#8221;custom&#8221; custom_background=&#8221;#009ddf&#8221; custom_text=&#8221;#ffffff&#8221; shape=&#8221;round&#8221; i_icon_fontawesome=&#8221;fas fa-arrow-left&#8221; add_icon=&#8221;true&#8221; link=&#8221;url:https%3A%2F%2Fwww.machinesproduction.fr%2Ftv%2Fles-focus%2F|title:les%20Focus&#8221;][\/vc_column][\/vc_row]<\/p>\n<\/section>","protected":false},"excerpt":{"rendered":"<p>[vc_row][vc_column][vc_video link=&#8221;https:\/\/www.youtube.com\/watch?v=vQDD188OxuA&#8221;][vc_btn title=&#8221;Retour aux FOCUS&#8221; style=&#8221;custom&#8221; custom_background=&#8221;#009ddf&#8221; custom_text=&#8221;#ffffff&#8221; shape=&#8221;round&#8221; i_icon_fontawesome=&#8221;fas fa-arrow-left&#8221; add_icon=&#8221;true&#8221; link=&#8221;url:https%3A%2F%2Fwww.machinesproduction.fr%2Ftv%2Fles-focus%2F|title:les%20Focus&#8221;][\/vc_column][\/vc_row]<\/p>\n","protected":false},"author":3,"featured_media":0,"parent":0,"menu_order":0,"comment_status":"closed","ping_status":"closed","template":"","meta":{"_monsterinsights_skip_tracking":false,"_monsterinsights_sitenote_active":false,"_monsterinsights_sitenote_note":"","_monsterinsights_sitenote_category":0,"footnotes":""},"wf_page_folders":[14],"class_list":["post-1833","page","type-page","status-publish","hentry"],"yoast_head":"<!-- This site is optimized with the Yoast SEO plugin v27.1.1 - https:\/\/yoast.com\/product\/yoast-seo-wordpress\/ -->\n<title>Emission - Plan France Relance - Machines Production TV<\/title>\n<meta name=\"description\" content=\"D\u00e9couvrez la premi\u00e8re \u00e9mission de Machines Production TV consacr\u00e9 au &quot;Plan France Relance&quot;. Plus de trente minutes d&#039;infos, de d\u00e9bats et de reportages sur l&#039;actualit\u00e9 de l&#039;industrie m\u00e9canique fran\u00e7aise.\" \/>\n<meta name=\"robots\" content=\"index, follow, max-snippet:-1, max-image-preview:large, max-video-preview:-1\" \/>\n<link rel=\"canonical\" href=\"https:\/\/www.machinesproduction.fr\/tv\/focus-1-zeiss\/\" \/>\n<meta property=\"og:locale\" content=\"fr_FR\" \/>\n<meta property=\"og:type\" content=\"article\" \/>\n<meta property=\"og:title\" content=\"Emission - Plan France Relance - Machines Production TV\" \/>\n<meta property=\"og:description\" content=\"D\u00e9couvrez la premi\u00e8re \u00e9mission de Machines Production TV consacr\u00e9 au &quot;Plan France Relance&quot;. Plus de trente minutes d&#039;infos, de d\u00e9bats et de reportages sur l&#039;actualit\u00e9 de l&#039;industrie m\u00e9canique fran\u00e7aise.\" \/>\n<meta property=\"og:url\" content=\"https:\/\/www.machinesproduction.fr\/tv\/focus-1-zeiss\/\" \/>\n<meta property=\"og:site_name\" content=\"Machines Production TV\" \/>\n<meta property=\"article:modified_time\" content=\"2023-03-22T11:17:06+00:00\" \/>\n<meta name=\"twitter:card\" content=\"summary_large_image\" \/>\n<meta name=\"twitter:label1\" content=\"Dur\u00e9e de lecture estim\u00e9e\" \/>\n\t<meta name=\"twitter:data1\" content=\"1 minute\" \/>\n<script type=\"application\/ld+json\" class=\"yoast-schema-graph\">{\"@context\":\"https:\/\/schema.org\",\"@graph\":[{\"@type\":\"WebPage\",\"@id\":\"https:\/\/www.machinesproduction.fr\/tv\/focus-1-zeiss\/\",\"url\":\"https:\/\/www.machinesproduction.fr\/tv\/focus-1-zeiss\/\",\"name\":\"Emission - Plan France Relance - Machines Production TV\",\"isPartOf\":{\"@id\":\"https:\/\/www.machinesproduction.fr\/tv\/#website\"},\"datePublished\":\"2023-03-22T11:14:36+00:00\",\"dateModified\":\"2023-03-22T11:17:06+00:00\",\"description\":\"D\u00e9couvrez la premi\u00e8re \u00e9mission de Machines Production TV consacr\u00e9 au \\\"Plan France Relance\\\". Plus de trente minutes d'infos, de d\u00e9bats et de reportages sur l'actualit\u00e9 de l'industrie m\u00e9canique fran\u00e7aise.\",\"breadcrumb\":{\"@id\":\"https:\/\/www.machinesproduction.fr\/tv\/focus-1-zeiss\/#breadcrumb\"},\"inLanguage\":\"fr-FR\",\"potentialAction\":[{\"@type\":\"ReadAction\",\"target\":[\"https:\/\/www.machinesproduction.fr\/tv\/focus-1-zeiss\/\"]}]},{\"@type\":\"BreadcrumbList\",\"@id\":\"https:\/\/www.machinesproduction.fr\/tv\/focus-1-zeiss\/#breadcrumb\",\"itemListElement\":[{\"@type\":\"ListItem\",\"position\":1,\"name\":\"Home\",\"item\":\"https:\/\/www.machinesproduction.fr\/tv\/\"},{\"@type\":\"ListItem\",\"position\":2,\"name\":\"Focus 1 &#8211; ZEISS\"}]},{\"@type\":\"WebSite\",\"@id\":\"https:\/\/www.machinesproduction.fr\/tv\/#website\",\"url\":\"https:\/\/www.machinesproduction.fr\/tv\/\",\"name\":\"Machines Production TV\",\"description\":\"\",\"potentialAction\":[{\"@type\":\"SearchAction\",\"target\":{\"@type\":\"EntryPoint\",\"urlTemplate\":\"https:\/\/www.machinesproduction.fr\/tv\/?s={search_term_string}\"},\"query-input\":{\"@type\":\"PropertyValueSpecification\",\"valueRequired\":true,\"valueName\":\"search_term_string\"}}],\"inLanguage\":\"fr-FR\"}]}<\/script>\n<!-- \/ Yoast SEO plugin. -->","yoast_head_json":{"title":"Emission - Plan France Relance - Machines Production TV","description":"D\u00e9couvrez la premi\u00e8re \u00e9mission de Machines Production TV consacr\u00e9 au \"Plan France Relance\". Plus de trente minutes d'infos, de d\u00e9bats et de reportages sur l'actualit\u00e9 de l'industrie m\u00e9canique fran\u00e7aise.","robots":{"index":"index","follow":"follow","max-snippet":"max-snippet:-1","max-image-preview":"max-image-preview:large","max-video-preview":"max-video-preview:-1"},"canonical":"https:\/\/www.machinesproduction.fr\/tv\/focus-1-zeiss\/","og_locale":"fr_FR","og_type":"article","og_title":"Emission - Plan France Relance - Machines Production TV","og_description":"D\u00e9couvrez la premi\u00e8re \u00e9mission de Machines Production TV consacr\u00e9 au \"Plan France Relance\". Plus de trente minutes d'infos, de d\u00e9bats et de reportages sur l'actualit\u00e9 de l'industrie m\u00e9canique fran\u00e7aise.","og_url":"https:\/\/www.machinesproduction.fr\/tv\/focus-1-zeiss\/","og_site_name":"Machines Production TV","article_modified_time":"2023-03-22T11:17:06+00:00","twitter_card":"summary_large_image","twitter_misc":{"Dur\u00e9e de lecture estim\u00e9e":"1 minute"},"schema":{"@context":"https:\/\/schema.org","@graph":[{"@type":"WebPage","@id":"https:\/\/www.machinesproduction.fr\/tv\/focus-1-zeiss\/","url":"https:\/\/www.machinesproduction.fr\/tv\/focus-1-zeiss\/","name":"Emission - Plan France Relance - Machines Production TV","isPartOf":{"@id":"https:\/\/www.machinesproduction.fr\/tv\/#website"},"datePublished":"2023-03-22T11:14:36+00:00","dateModified":"2023-03-22T11:17:06+00:00","description":"D\u00e9couvrez la premi\u00e8re \u00e9mission de Machines Production TV consacr\u00e9 au \"Plan France Relance\". Plus de trente minutes d'infos, de d\u00e9bats et de reportages sur l'actualit\u00e9 de l'industrie m\u00e9canique fran\u00e7aise.","breadcrumb":{"@id":"https:\/\/www.machinesproduction.fr\/tv\/focus-1-zeiss\/#breadcrumb"},"inLanguage":"fr-FR","potentialAction":[{"@type":"ReadAction","target":["https:\/\/www.machinesproduction.fr\/tv\/focus-1-zeiss\/"]}]},{"@type":"BreadcrumbList","@id":"https:\/\/www.machinesproduction.fr\/tv\/focus-1-zeiss\/#breadcrumb","itemListElement":[{"@type":"ListItem","position":1,"name":"Home","item":"https:\/\/www.machinesproduction.fr\/tv\/"},{"@type":"ListItem","position":2,"name":"Focus 1 &#8211; ZEISS"}]},{"@type":"WebSite","@id":"https:\/\/www.machinesproduction.fr\/tv\/#website","url":"https:\/\/www.machinesproduction.fr\/tv\/","name":"Machines Production TV","description":"","potentialAction":[{"@type":"SearchAction","target":{"@type":"EntryPoint","urlTemplate":"https:\/\/www.machinesproduction.fr\/tv\/?s={search_term_string}"},"query-input":{"@type":"PropertyValueSpecification","valueRequired":true,"valueName":"search_term_string"}}],"inLanguage":"fr-FR"}]}},"_links":{"self":[{"href":"https:\/\/www.machinesproduction.fr\/tv\/wp-json\/wp\/v2\/pages\/1833","targetHints":{"allow":["GET"]}}],"collection":[{"href":"https:\/\/www.machinesproduction.fr\/tv\/wp-json\/wp\/v2\/pages"}],"about":[{"href":"https:\/\/www.machinesproduction.fr\/tv\/wp-json\/wp\/v2\/types\/page"}],"author":[{"embeddable":true,"href":"https:\/\/www.machinesproduction.fr\/tv\/wp-json\/wp\/v2\/users\/3"}],"replies":[{"embeddable":true,"href":"https:\/\/www.machinesproduction.fr\/tv\/wp-json\/wp\/v2\/comments?post=1833"}],"version-history":[{"count":1,"href":"https:\/\/www.machinesproduction.fr\/tv\/wp-json\/wp\/v2\/pages\/1833\/revisions"}],"predecessor-version":[{"id":1839,"href":"https:\/\/www.machinesproduction.fr\/tv\/wp-json\/wp\/v2\/pages\/1833\/revisions\/1839"}],"wp:attachment":[{"href":"https:\/\/www.machinesproduction.fr\/tv\/wp-json\/wp\/v2\/media?parent=1833"}],"wp:term":[{"taxonomy":"wf_page_folders","embeddable":true,"href":"https:\/\/www.machinesproduction.fr\/tv\/wp-json\/wp\/v2\/wf_page_folders?post=1833"}],"curies":[{"name":"wp","href":"https:\/\/api.w.org\/{rel}","templated":true}]}}

<!-- This site is optimized with the Yoast SEO plugin v27.1.1 - https://yoast.com/product/yoast-seo-wordpress/ -->
<title>Emission - Plan France Relance - Machines Production TV</title>
<meta name="description" content="Découvrez la première émission de Machines Production TV consacré au &quot;Plan France Relance&quot;. Plus de trente minutes d&#039;infos, de débats et de reportages sur l&#039;actualité de l&#039;industrie mécanique française." />
<meta name="robots" content="index, follow, max-snippet:-1, max-image-preview:large, max-video-preview:-1" />
<link rel="canonical" href="https://www.machinesproduction.fr/tv/focus-1-zeiss/" />
<meta property="og:locale" content="fr_FR" />
<meta property="og:type" content="article" />
<meta property="og:title" content="Emission - Plan France Relance - Machines Production TV" />
<meta property="og:description" content="Découvrez la première émission de Machines Production TV consacré au &quot;Plan France Relance&quot;. Plus de trente minutes d&#039;infos, de débats et de reportages sur l&#039;actualité de l&#039;industrie mécanique française." />
<meta property="og:url" content="https://www.machinesproduction.fr/tv/focus-1-zeiss/" />
<meta property="og:site_name" content="Machines Production TV" />
<meta property="article:modified_time" content="2023-03-22T11:17:06+00:00" />
<meta name="twitter:card" content="summary_large_image" />
<meta name="twitter:label1" content="Durée de lecture estimée" />
	<meta name="twitter:data1" content="1 minute" />
<script type="application/ld+json" class="yoast-schema-graph">{"@context":"https://schema.org","@graph":[{"@type":"WebPage","@id":"https://www.machinesproduction.fr/tv/focus-1-zeiss/","url":"https://www.machinesproduction.fr/tv/focus-1-zeiss/","name":"Emission - Plan France Relance - Machines Production TV","isPartOf":{"@id":"https://www.machinesproduction.fr/tv/#website"},"datePublished":"2023-03-22T11:14:36+00:00","dateModified":"2023-03-22T11:17:06+00:00","description":"Découvrez la première émission de Machines Production TV consacré au \"Plan France Relance\". Plus de trente minutes d'infos, de débats et de reportages sur l'actualité de l'industrie mécanique française.","breadcrumb":{"@id":"https://www.machinesproduction.fr/tv/focus-1-zeiss/#breadcrumb"},"inLanguage":"fr-FR","potentialAction":[{"@type":"ReadAction","target":["https://www.machinesproduction.fr/tv/focus-1-zeiss/"]}]},{"@type":"BreadcrumbList","@id":"https://www.machinesproduction.fr/tv/focus-1-zeiss/#breadcrumb","itemListElement":[{"@type":"ListItem","position":1,"name":"Home","item":"https://www.machinesproduction.fr/tv/"},{"@type":"ListItem","position":2,"name":"Focus 1 &#8211; ZEISS"}]},{"@type":"WebSite","@id":"https://www.machinesproduction.fr/tv/#website","url":"https://www.machinesproduction.fr/tv/","name":"Machines Production TV","description":"","potentialAction":[{"@type":"SearchAction","target":{"@type":"EntryPoint","urlTemplate":"https://www.machinesproduction.fr/tv/?s={search_term_string}"},"query-input":{"@type":"PropertyValueSpecification","valueRequired":true,"valueName":"search_term_string"}}],"inLanguage":"fr-FR"}]}</script>
<!-- / Yoast SEO plugin. -->

Découvrez la première émission de Machines Production TV consacré au "Plan France Relance". Plus de trente minutes d'infos, de débats et de reportages sur l'actualité de l'industrie mécanique française.
