{"id":1804,"date":"2023-03-07T20:09:26","date_gmt":"2023-03-07T19:09:26","guid":{"rendered":"https:\/\/www.machinesproduction.fr\/tv\/?page_id=1804"},"modified":"2023-03-07T22:29:29","modified_gmt":"2023-03-07T21:29:29","slug":"live-28-global-industrie-inauguration-roland-lescure","status":"publish","type":"page","link":"https:\/\/www.machinesproduction.fr\/tv\/live-28-global-industrie-inauguration-roland-lescure\/","title":{"rendered":"Live 28 &#8211; Global industrie &#8211; Inauguration par Roland Lescure"},"content":{"rendered":"<section class=\"wpb-content-wrapper\"><p>[vc_row equal_height=&#8221;yes&#8221; content_placement=&#8221;middle&#8221;][vc_column][vc_row_inner content_placement=&#8221;top&#8221;][vc_column_inner width=&#8221;1\/4&#8243;][media image=&#8221;1806&#8243;][vc_column_text]<\/p>\n<h2><span style=\"color: #459bd9;\">Global Industrie 2023<\/span><\/h2>\n<p>[\/vc_column_text][\/vc_column_inner][vc_column_inner width=&#8221;3\/4&#8243;][vc_column_text]<\/p>\n<p data-wp-editing=\"1\"><em><span style=\"color: #459bd9; font-size: 18pt;\">Inauguration du salon par :\u00a0<\/span><\/em><\/p>\n<h1 data-wp-editing=\"1\"><span style=\"color: #009ddf;\">Roland Lescure, ministre de l\u2019Industrie<\/span><\/h1>\n<p>[\/vc_column_text][\/vc_column_inner][\/vc_row_inner][\/vc_column][\/vc_row][vc_row equal_height=&#8221;yes&#8221; content_placement=&#8221;middle&#8221;][vc_column][vc_empty_space height=&#8221;30px&#8221;][vc_column_text]Pour ce premier Live de Machines Production sur le salon Global Industrie, du 7 au 10 mars \u00e0 Lyon, nous avons suivi son inauguration par Roland Lescure, ministre de l\u2019Industrie, qui \u00e9tait accompagn\u00e9 de Nicolas Dufourcq, directeur g\u00e9n\u00e9ral de Bpifrance et pr\u00e9sident de cette \u00e9dition 2023 du plus grand salon de l\u2019industrie en France.<\/p>\n<p>Le ministre a choisi de d\u00e9localiser, exceptionnellement, une partie de son cabinet, mardi et mercredi.[\/vc_column_text][vc_video link=&#8221;https:\/\/youtu.be\/-WJs58Ml0z0&#8243;][vc_btn title=&#8221;Retour aux MP LIVE&#8221; style=&#8221;custom&#8221; custom_background=&#8221;#009ddf&#8221; custom_text=&#8221;#ffffff&#8221; shape=&#8221;round&#8221; i_icon_fontawesome=&#8221;fas fa-arrow-left&#8221; add_icon=&#8221;true&#8221; link=&#8221;url:https%3A%2F%2Fwww.machinesproduction.fr%2Ftv%2Fles-mp-live%2F|title:les%20Focus&#8221;][\/vc_column][\/vc_row]<\/p>\n<\/section>","protected":false},"excerpt":{"rendered":"<p>[vc_row equal_height=&#8221;yes&#8221; content_placement=&#8221;middle&#8221;][vc_column][vc_row_inner content_placement=&#8221;top&#8221;][vc_column_inner width=&#8221;1\/4&#8243;][media image=&#8221;1806&#8243;][vc_column_text] Global Industrie 2023 [\/vc_column_text][\/vc_column_inner][vc_column_inner width=&#8221;3\/4&#8243;][vc_column_text] Inauguration du salon par :\u00a0 Roland Lescure, ministre de l\u2019Industrie [\/vc_column_text][\/vc_column_inner][\/vc_row_inner][\/vc_column][\/vc_row][vc_row equal_height=&#8221;yes&#8221; content_placement=&#8221;middle&#8221;][vc_column][vc_empty_space height=&#8221;30px&#8221;][vc_column_text]Pour ce premier Live de Machines Production sur le salon Global Industrie, du 7 au 10 mars \u00e0 Lyon, nous avons suivi son inauguration par Roland Lescure, ministre de l\u2019Industrie, qui [&hellip;]<\/p>\n","protected":false},"author":3,"featured_media":0,"parent":0,"menu_order":0,"comment_status":"closed","ping_status":"closed","template":"","meta":{"_monsterinsights_skip_tracking":false,"_monsterinsights_sitenote_active":false,"_monsterinsights_sitenote_note":"","_monsterinsights_sitenote_category":0,"footnotes":""},"wf_page_folders":[13],"class_list":["post-1804","page","type-page","status-publish","hentry"],"yoast_head":"<!-- This site is optimized with the Yoast SEO plugin v27.1.1 - https:\/\/yoast.com\/product\/yoast-seo-wordpress\/ -->\n<title>Live 28 - Global industrie - Inauguration par Roland Lescure<\/title>\n<meta name=\"description\" content=\"Nous avons suivi l&#039;inauguration du salon Global Industrie par Roland Lescure, ministre de l\u2019Industrie, qui \u00e9tait accompagn\u00e9 de Nicolas Dufourcq, directeur g\u00e9n\u00e9ral de Bpifrance et pr\u00e9sident de cette \u00e9dition 2023 du plus grand salon de l\u2019industrie en France.\" \/>\n<meta name=\"robots\" content=\"index, follow, max-snippet:-1, max-image-preview:large, max-video-preview:-1\" \/>\n<link rel=\"canonical\" href=\"https:\/\/www.machinesproduction.fr\/tv\/live-28-global-industrie-inauguration-roland-lescure\/\" \/>\n<meta property=\"og:locale\" content=\"fr_FR\" \/>\n<meta property=\"og:type\" content=\"article\" \/>\n<meta property=\"og:title\" content=\"MP Live - Global industrie 2023 - Inauguration par Roland Lescure\" \/>\n<meta property=\"og:description\" content=\"Nous avons suivi l&#039;inauguration du salon Global Industrie par Roland Lescure, ministre de l\u2019Industrie, qui \u00e9tait accompagn\u00e9 de Nicolas Dufourcq, directeur g\u00e9n\u00e9ral de Bpifrance et pr\u00e9sident de cette \u00e9dition 2023 du plus grand salon de l\u2019industrie en France.\" \/>\n<meta property=\"og:url\" content=\"https:\/\/www.machinesproduction.fr\/tv\/live-28-global-industrie-inauguration-roland-lescure\/\" \/>\n<meta property=\"og:site_name\" content=\"Machines Production TV\" \/>\n<meta property=\"article:modified_time\" content=\"2023-03-07T21:29:29+00:00\" \/>\n<meta property=\"og:image\" content=\"https:\/\/www.machinesproduction.fr\/tv\/wp-content\/uploads\/2023\/03\/Live-Inauguration-GI-2023.jpg\" \/>\n\t<meta property=\"og:image:width\" content=\"1280\" \/>\n\t<meta property=\"og:image:height\" content=\"720\" \/>\n\t<meta property=\"og:image:type\" content=\"image\/jpeg\" \/>\n<meta name=\"twitter:card\" content=\"summary_large_image\" \/>\n<meta name=\"twitter:title\" content=\"MP Live - Global industrie 2023- Inauguration par Roland Lescure\" \/>\n<meta name=\"twitter:description\" content=\"Nous avons suivi l&#039;inauguration du salon Global Industrie par Roland Lescure, ministre de l\u2019Industrie, qui \u00e9tait accompagn\u00e9 de Nicolas Dufourcq, directeur g\u00e9n\u00e9ral de Bpifrance et pr\u00e9sident de cette \u00e9dition 2023 du plus grand salon de l\u2019industrie en France.\" \/>\n<meta name=\"twitter:image\" content=\"https:\/\/www.machinesproduction.fr\/tv\/wp-content\/uploads\/2023\/03\/Live-Inauguration-GI-2023.jpg\" \/>\n<meta name=\"twitter:label1\" content=\"Dur\u00e9e de lecture estim\u00e9e\" \/>\n\t<meta name=\"twitter:data1\" content=\"3 minutes\" \/>\n<script type=\"application\/ld+json\" class=\"yoast-schema-graph\">{\"@context\":\"https:\/\/schema.org\",\"@graph\":[{\"@type\":\"WebPage\",\"@id\":\"https:\/\/www.machinesproduction.fr\/tv\/live-28-global-industrie-inauguration-roland-lescure\/\",\"url\":\"https:\/\/www.machinesproduction.fr\/tv\/live-28-global-industrie-inauguration-roland-lescure\/\",\"name\":\"Live 28 - Global industrie - Inauguration par Roland Lescure\",\"isPartOf\":{\"@id\":\"https:\/\/www.machinesproduction.fr\/tv\/#website\"},\"datePublished\":\"2023-03-07T19:09:26+00:00\",\"dateModified\":\"2023-03-07T21:29:29+00:00\",\"description\":\"Nous avons suivi l'inauguration du salon Global Industrie par Roland Lescure, ministre de l\u2019Industrie, qui \u00e9tait accompagn\u00e9 de Nicolas Dufourcq, directeur g\u00e9n\u00e9ral de Bpifrance et pr\u00e9sident de cette \u00e9dition 2023 du plus grand salon de l\u2019industrie en France.\",\"breadcrumb\":{\"@id\":\"https:\/\/www.machinesproduction.fr\/tv\/live-28-global-industrie-inauguration-roland-lescure\/#breadcrumb\"},\"inLanguage\":\"fr-FR\",\"potentialAction\":[{\"@type\":\"ReadAction\",\"target\":[\"https:\/\/www.machinesproduction.fr\/tv\/live-28-global-industrie-inauguration-roland-lescure\/\"]}]},{\"@type\":\"BreadcrumbList\",\"@id\":\"https:\/\/www.machinesproduction.fr\/tv\/live-28-global-industrie-inauguration-roland-lescure\/#breadcrumb\",\"itemListElement\":[{\"@type\":\"ListItem\",\"position\":1,\"name\":\"Home\",\"item\":\"https:\/\/www.machinesproduction.fr\/tv\/\"},{\"@type\":\"ListItem\",\"position\":2,\"name\":\"Live 28 &#8211; Global industrie &#8211; Inauguration par Roland Lescure\"}]},{\"@type\":\"WebSite\",\"@id\":\"https:\/\/www.machinesproduction.fr\/tv\/#website\",\"url\":\"https:\/\/www.machinesproduction.fr\/tv\/\",\"name\":\"Machines Production TV\",\"description\":\"\",\"potentialAction\":[{\"@type\":\"SearchAction\",\"target\":{\"@type\":\"EntryPoint\",\"urlTemplate\":\"https:\/\/www.machinesproduction.fr\/tv\/?s={search_term_string}\"},\"query-input\":{\"@type\":\"PropertyValueSpecification\",\"valueRequired\":true,\"valueName\":\"search_term_string\"}}],\"inLanguage\":\"fr-FR\"}]}<\/script>\n<!-- \/ Yoast SEO plugin. -->","yoast_head_json":{"title":"Live 28 - Global industrie - Inauguration par Roland Lescure","description":"Nous avons suivi l'inauguration du salon Global Industrie par Roland Lescure, ministre de l\u2019Industrie, qui \u00e9tait accompagn\u00e9 de Nicolas Dufourcq, directeur g\u00e9n\u00e9ral de Bpifrance et pr\u00e9sident de cette \u00e9dition 2023 du plus grand salon de l\u2019industrie en France.","robots":{"index":"index","follow":"follow","max-snippet":"max-snippet:-1","max-image-preview":"max-image-preview:large","max-video-preview":"max-video-preview:-1"},"canonical":"https:\/\/www.machinesproduction.fr\/tv\/live-28-global-industrie-inauguration-roland-lescure\/","og_locale":"fr_FR","og_type":"article","og_title":"MP Live - Global industrie 2023 - Inauguration par Roland Lescure","og_description":"Nous avons suivi l'inauguration du salon Global Industrie par Roland Lescure, ministre de l\u2019Industrie, qui \u00e9tait accompagn\u00e9 de Nicolas Dufourcq, directeur g\u00e9n\u00e9ral de Bpifrance et pr\u00e9sident de cette \u00e9dition 2023 du plus grand salon de l\u2019industrie en France.","og_url":"https:\/\/www.machinesproduction.fr\/tv\/live-28-global-industrie-inauguration-roland-lescure\/","og_site_name":"Machines Production TV","article_modified_time":"2023-03-07T21:29:29+00:00","og_image":[{"width":1280,"height":720,"url":"https:\/\/www.machinesproduction.fr\/tv\/wp-content\/uploads\/2023\/03\/Live-Inauguration-GI-2023.jpg","type":"image\/jpeg"}],"twitter_card":"summary_large_image","twitter_title":"MP Live - Global industrie 2023- Inauguration par Roland Lescure","twitter_description":"Nous avons suivi l'inauguration du salon Global Industrie par Roland Lescure, ministre de l\u2019Industrie, qui \u00e9tait accompagn\u00e9 de Nicolas Dufourcq, directeur g\u00e9n\u00e9ral de Bpifrance et pr\u00e9sident de cette \u00e9dition 2023 du plus grand salon de l\u2019industrie en France.","twitter_image":"https:\/\/www.machinesproduction.fr\/tv\/wp-content\/uploads\/2023\/03\/Live-Inauguration-GI-2023.jpg","twitter_misc":{"Dur\u00e9e de lecture estim\u00e9e":"3 minutes"},"schema":{"@context":"https:\/\/schema.org","@graph":[{"@type":"WebPage","@id":"https:\/\/www.machinesproduction.fr\/tv\/live-28-global-industrie-inauguration-roland-lescure\/","url":"https:\/\/www.machinesproduction.fr\/tv\/live-28-global-industrie-inauguration-roland-lescure\/","name":"Live 28 - Global industrie - Inauguration par Roland Lescure","isPartOf":{"@id":"https:\/\/www.machinesproduction.fr\/tv\/#website"},"datePublished":"2023-03-07T19:09:26+00:00","dateModified":"2023-03-07T21:29:29+00:00","description":"Nous avons suivi l'inauguration du salon Global Industrie par Roland Lescure, ministre de l\u2019Industrie, qui \u00e9tait accompagn\u00e9 de Nicolas Dufourcq, directeur g\u00e9n\u00e9ral de Bpifrance et pr\u00e9sident de cette \u00e9dition 2023 du plus grand salon de l\u2019industrie en France.","breadcrumb":{"@id":"https:\/\/www.machinesproduction.fr\/tv\/live-28-global-industrie-inauguration-roland-lescure\/#breadcrumb"},"inLanguage":"fr-FR","potentialAction":[{"@type":"ReadAction","target":["https:\/\/www.machinesproduction.fr\/tv\/live-28-global-industrie-inauguration-roland-lescure\/"]}]},{"@type":"BreadcrumbList","@id":"https:\/\/www.machinesproduction.fr\/tv\/live-28-global-industrie-inauguration-roland-lescure\/#breadcrumb","itemListElement":[{"@type":"ListItem","position":1,"name":"Home","item":"https:\/\/www.machinesproduction.fr\/tv\/"},{"@type":"ListItem","position":2,"name":"Live 28 &#8211; Global industrie &#8211; Inauguration par Roland Lescure"}]},{"@type":"WebSite","@id":"https:\/\/www.machinesproduction.fr\/tv\/#website","url":"https:\/\/www.machinesproduction.fr\/tv\/","name":"Machines Production TV","description":"","potentialAction":[{"@type":"SearchAction","target":{"@type":"EntryPoint","urlTemplate":"https:\/\/www.machinesproduction.fr\/tv\/?s={search_term_string}"},"query-input":{"@type":"PropertyValueSpecification","valueRequired":true,"valueName":"search_term_string"}}],"inLanguage":"fr-FR"}]}},"_links":{"self":[{"href":"https:\/\/www.machinesproduction.fr\/tv\/wp-json\/wp\/v2\/pages\/1804","targetHints":{"allow":["GET"]}}],"collection":[{"href":"https:\/\/www.machinesproduction.fr\/tv\/wp-json\/wp\/v2\/pages"}],"about":[{"href":"https:\/\/www.machinesproduction.fr\/tv\/wp-json\/wp\/v2\/types\/page"}],"author":[{"embeddable":true,"href":"https:\/\/www.machinesproduction.fr\/tv\/wp-json\/wp\/v2\/users\/3"}],"replies":[{"embeddable":true,"href":"https:\/\/www.machinesproduction.fr\/tv\/wp-json\/wp\/v2\/comments?post=1804"}],"version-history":[{"count":4,"href":"https:\/\/www.machinesproduction.fr\/tv\/wp-json\/wp\/v2\/pages\/1804\/revisions"}],"predecessor-version":[{"id":1810,"href":"https:\/\/www.machinesproduction.fr\/tv\/wp-json\/wp\/v2\/pages\/1804\/revisions\/1810"}],"wp:attachment":[{"href":"https:\/\/www.machinesproduction.fr\/tv\/wp-json\/wp\/v2\/media?parent=1804"}],"wp:term":[{"taxonomy":"wf_page_folders","embeddable":true,"href":"https:\/\/www.machinesproduction.fr\/tv\/wp-json\/wp\/v2\/wf_page_folders?post=1804"}],"curies":[{"name":"wp","href":"https:\/\/api.w.org\/{rel}","templated":true}]}}

<section class="wpb-content-wrapper"><p>[vc_row equal_height=&#8221;yes&#8221; content_placement=&#8221;middle&#8221;][vc_column][vc_row_inner content_placement=&#8221;top&#8221;][vc_column_inner width=&#8221;1/4&#8243;][media image=&#8221;1806&#8243;][vc_column_text]</p>
<h2><span style="color: #459bd9;">Global Industrie 2023</span></h2>
<p>[/vc_column_text][/vc_column_inner][vc_column_inner width=&#8221;3/4&#8243;][vc_column_text]</p>
<p data-wp-editing="1"><em><span style="color: #459bd9; font-size: 18pt;">Inauguration du salon par : </span></em></p>
<h1 data-wp-editing="1"><span style="color: #009ddf;">Roland Lescure, ministre de l’Industrie</span></h1>
<p>[/vc_column_text][/vc_column_inner][/vc_row_inner][/vc_column][/vc_row][vc_row equal_height=&#8221;yes&#8221; content_placement=&#8221;middle&#8221;][vc_column][vc_empty_space height=&#8221;30px&#8221;][vc_column_text]Pour ce premier Live de Machines Production sur le salon Global Industrie, du 7 au 10 mars à Lyon, nous avons suivi son inauguration par Roland Lescure, ministre de l’Industrie, qui était accompagné de Nicolas Dufourcq, directeur général de Bpifrance et président de cette édition 2023 du plus grand salon de l’industrie en France.</p>
<p>Le ministre a choisi de délocaliser, exceptionnellement, une partie de son cabinet, mardi et mercredi.[/vc_column_text][vc_video link=&#8221;https://youtu.be/-WJs58Ml0z0&#8243;][vc_btn title=&#8221;Retour aux MP LIVE&#8221; style=&#8221;custom&#8221; custom_background=&#8221;#009ddf&#8221; custom_text=&#8221;#ffffff&#8221; shape=&#8221;round&#8221; i_icon_fontawesome=&#8221;fas fa-arrow-left&#8221; add_icon=&#8221;true&#8221; link=&#8221;url:https%3A%2F%2Fwww.machinesproduction.fr%2Ftv%2Fles-mp-live%2F|title:les%20Focus&#8221;][/vc_column][/vc_row]</p>
</section>

<p>[vc_row equal_height=&#8221;yes&#8221; content_placement=&#8221;middle&#8221;][vc_column][vc_row_inner content_placement=&#8221;top&#8221;][vc_column_inner width=&#8221;1/4&#8243;][media image=&#8221;1806&#8243;][vc_column_text] Global Industrie 2023 [/vc_column_text][/vc_column_inner][vc_column_inner width=&#8221;3/4&#8243;][vc_column_text] Inauguration du salon par :  Roland Lescure, ministre de l’Industrie [/vc_column_text][/vc_column_inner][/vc_row_inner][/vc_column][/vc_row][vc_row equal_height=&#8221;yes&#8221; content_placement=&#8221;middle&#8221;][vc_column][vc_empty_space height=&#8221;30px&#8221;][vc_column_text]Pour ce premier Live de Machines Production sur le salon Global Industrie, du 7 au 10 mars à Lyon, nous avons suivi son inauguration par Roland Lescure, ministre de l’Industrie, qui [&hellip;]</p>

<!-- This site is optimized with the Yoast SEO plugin v27.1.1 - https://yoast.com/product/yoast-seo-wordpress/ -->
<title>Live 28 - Global industrie - Inauguration par Roland Lescure</title>
<meta name="description" content="Nous avons suivi l&#039;inauguration du salon Global Industrie par Roland Lescure, ministre de l’Industrie, qui était accompagné de Nicolas Dufourcq, directeur général de Bpifrance et président de cette édition 2023 du plus grand salon de l’industrie en France." />
<meta name="robots" content="index, follow, max-snippet:-1, max-image-preview:large, max-video-preview:-1" />
<link rel="canonical" href="https://www.machinesproduction.fr/tv/live-28-global-industrie-inauguration-roland-lescure/" />
<meta property="og:locale" content="fr_FR" />
<meta property="og:type" content="article" />
<meta property="og:title" content="MP Live - Global industrie 2023 - Inauguration par Roland Lescure" />
<meta property="og:description" content="Nous avons suivi l&#039;inauguration du salon Global Industrie par Roland Lescure, ministre de l’Industrie, qui était accompagné de Nicolas Dufourcq, directeur général de Bpifrance et président de cette édition 2023 du plus grand salon de l’industrie en France." />
<meta property="og:url" content="https://www.machinesproduction.fr/tv/live-28-global-industrie-inauguration-roland-lescure/" />
<meta property="og:site_name" content="Machines Production TV" />
<meta property="article:modified_time" content="2023-03-07T21:29:29+00:00" />
<meta property="og:image" content="https://www.machinesproduction.fr/tv/wp-content/uploads/2023/03/Live-Inauguration-GI-2023.jpg" />
	<meta property="og:image:width" content="1280" />
	<meta property="og:image:height" content="720" />
	<meta property="og:image:type" content="image/jpeg" />
<meta name="twitter:card" content="summary_large_image" />
<meta name="twitter:title" content="MP Live - Global industrie 2023- Inauguration par Roland Lescure" />
<meta name="twitter:description" content="Nous avons suivi l&#039;inauguration du salon Global Industrie par Roland Lescure, ministre de l’Industrie, qui était accompagné de Nicolas Dufourcq, directeur général de Bpifrance et président de cette édition 2023 du plus grand salon de l’industrie en France." />
<meta name="twitter:image" content="https://www.machinesproduction.fr/tv/wp-content/uploads/2023/03/Live-Inauguration-GI-2023.jpg" />
<meta name="twitter:label1" content="Durée de lecture estimée" />
	<meta name="twitter:data1" content="3 minutes" />
<script type="application/ld+json" class="yoast-schema-graph">{"@context":"https://schema.org","@graph":[{"@type":"WebPage","@id":"https://www.machinesproduction.fr/tv/live-28-global-industrie-inauguration-roland-lescure/","url":"https://www.machinesproduction.fr/tv/live-28-global-industrie-inauguration-roland-lescure/","name":"Live 28 - Global industrie - Inauguration par Roland Lescure","isPartOf":{"@id":"https://www.machinesproduction.fr/tv/#website"},"datePublished":"2023-03-07T19:09:26+00:00","dateModified":"2023-03-07T21:29:29+00:00","description":"Nous avons suivi l'inauguration du salon Global Industrie par Roland Lescure, ministre de l’Industrie, qui était accompagné de Nicolas Dufourcq, directeur général de Bpifrance et président de cette édition 2023 du plus grand salon de l’industrie en France.","breadcrumb":{"@id":"https://www.machinesproduction.fr/tv/live-28-global-industrie-inauguration-roland-lescure/#breadcrumb"},"inLanguage":"fr-FR","potentialAction":[{"@type":"ReadAction","target":["https://www.machinesproduction.fr/tv/live-28-global-industrie-inauguration-roland-lescure/"]}]},{"@type":"BreadcrumbList","@id":"https://www.machinesproduction.fr/tv/live-28-global-industrie-inauguration-roland-lescure/#breadcrumb","itemListElement":[{"@type":"ListItem","position":1,"name":"Home","item":"https://www.machinesproduction.fr/tv/"},{"@type":"ListItem","position":2,"name":"Live 28 &#8211; Global industrie &#8211; Inauguration par Roland Lescure"}]},{"@type":"WebSite","@id":"https://www.machinesproduction.fr/tv/#website","url":"https://www.machinesproduction.fr/tv/","name":"Machines Production TV","description":"","potentialAction":[{"@type":"SearchAction","target":{"@type":"EntryPoint","urlTemplate":"https://www.machinesproduction.fr/tv/?s={search_term_string}"},"query-input":{"@type":"PropertyValueSpecification","valueRequired":true,"valueName":"search_term_string"}}],"inLanguage":"fr-FR"}]}</script>
<!-- / Yoast SEO plugin. -->

Nous avons suivi l'inauguration du salon Global Industrie par Roland Lescure, ministre de l’Industrie, qui était accompagné de Nicolas Dufourcq, directeur général de Bpifrance et président de cette édition 2023 du plus grand salon de l’industrie en France.
