{"id":1524,"date":"2022-06-17T09:15:24","date_gmt":"2022-06-17T08:15:24","guid":{"rendered":"https:\/\/www.machinesproduction.fr\/tv\/?page_id=1524"},"modified":"2022-06-17T10:23:18","modified_gmt":"2022-06-17T09:23:18","slug":"live-21-witech-salon-ephj","status":"publish","type":"page","link":"https:\/\/www.machinesproduction.fr\/tv\/live-21-witech-salon-ephj\/","title":{"rendered":"Live 21 &#8211; Witech &#8211; Salon EPHJ"},"content":{"rendered":"<section class=\"wpb-content-wrapper\"><p>[vc_row][vc_column][vc_row_inner][vc_column_inner width=&#8221;1\/4&#8243;][media image=&#8221;1510&#8243;][\/vc_column_inner][vc_column_inner width=&#8221;3\/4&#8243;][vc_column_text]<\/p>\n<h1 data-wp-editing=\"1\"><span style=\"color: #459bd9;\">Witech &#8211; Interview de Micha\u00ebl Villard<\/span><\/h1>\n<h2><span style=\"color: #459bd9;\">EPHJ 2022<\/span><\/h2>\n<p>[\/vc_column_text][\/vc_column_inner][\/vc_row_inner][vc_empty_space][vc_column_text]Pour ce nouveau Live de Machines Production TV, nous nous sommes arr\u00eat\u00e9s sur le stand Witech, au salon EPHJ, qui se tenait du 14 au 17 juin, \u00e0 Gen\u00e8ve. Micha\u00ebl Villard, technico-commercial chez ce fabricant suisse de machines-outils, nous pr\u00e9sente leur dernier mod\u00e8le 650. Un centre de tournage-fraisage en cinq axes simultan\u00e9s, \u00e9quip\u00e9 de la commande num\u00e9rique 31i B5 Plus de Fanuc.<\/p>\n<p>M. Villard nous montre le plateau diviseur du centre Witech 650, qui permet de \u00ab travailler en simultan\u00e9 avec un axe pivotant et un axe tournant \u00bb. La broche de 6,3 kW, dot\u00e9e d\u2019un attachement de type HSK E32, affiche une rotation de 40\u202f000 tr\/mn.<\/p>\n<blockquote><p>Un autre point fort : son magasin de 96 outils, \u00ab o\u00f9 nous avons un syst\u00e8me complet motoris\u00e9 pour la gestion de prise d\u2019outils et rangement. Donc on travaille en temps masqu\u00e9 pour la pr\u00e9paration des outils \u00bb, souligne Micha\u00ebl Villard au micro de Machines Production TV.<\/p><\/blockquote>\n<p>Enfin, c\u2019est sa commande num\u00e9rique Fanuc qu\u2019il faut souligner : \u00ab Une nouvelle interface compl\u00e8tement tactile \u00bb, d\u00e9signe-t-il, tout en nous montrant les touches, \u00ab qui peuvent \u00eatre personnalis\u00e9es \u00bb.<\/p>\n<p>A noter que le centre d\u2019usinage 650 est configurable en version avec le magasin d\u2019outils \u00e0 droite ou gauche, offrant ainsi la possibilit\u00e9 de placer un robot entre deux machines pour le chargement et d\u00e9chargement de pi\u00e8ces.<\/p>\n<div class=\"wpb_text_column wpb_content_element \">\n<div class=\"wpb_wrapper\">\n<p><em><strong>Interview et Animation :<\/strong>\u00a0<strong>J\u00e9r\u00f4me Meyrand<\/strong><\/em><\/p>\n<\/div>\n<\/div>\n<div class=\"wpb_video_widget wpb_content_element vc_clearfix vc_video-aspect-ratio-169 vc_video-el-width-100 vc_video-align-left\">\n<div class=\"wpb_wrapper\"><\/div>\n<\/div>\n<p>[\/vc_column_text][vc_video link=&#8221;https:\/\/youtu.be\/WaUOszVN71A&#8221;][vc_btn title=&#8221;Retour aux MP LIVE&#8221; style=&#8221;custom&#8221; custom_background=&#8221;#009ddf&#8221; custom_text=&#8221;#ffffff&#8221; shape=&#8221;round&#8221; i_icon_fontawesome=&#8221;fas fa-arrow-left&#8221; add_icon=&#8221;true&#8221; link=&#8221;url:https%3A%2F%2Fwww.machinesproduction.fr%2Ftv%2Fles-mp-live%2F|title:les%20Focus&#8221;][\/vc_column][\/vc_row]<\/p>\n<\/section>","protected":false},"excerpt":{"rendered":"<p>[vc_row][vc_column][vc_row_inner][vc_column_inner width=&#8221;1\/4&#8243;][media image=&#8221;1510&#8243;][\/vc_column_inner][vc_column_inner width=&#8221;3\/4&#8243;][vc_column_text] Witech &#8211; Interview de Micha\u00ebl Villard EPHJ 2022 [\/vc_column_text][\/vc_column_inner][\/vc_row_inner][vc_empty_space][vc_column_text]Pour ce nouveau Live de Machines Production TV, nous nous sommes arr\u00eat\u00e9s sur le stand Witech, au salon EPHJ, qui se tenait du 14 au 17 juin, \u00e0 Gen\u00e8ve. Micha\u00ebl Villard, technico-commercial chez ce fabricant suisse de machines-outils, nous pr\u00e9sente leur dernier mod\u00e8le [&hellip;]<\/p>\n","protected":false},"author":3,"featured_media":0,"parent":0,"menu_order":0,"comment_status":"closed","ping_status":"closed","template":"","meta":{"_monsterinsights_skip_tracking":false,"_monsterinsights_sitenote_active":false,"_monsterinsights_sitenote_note":"","_monsterinsights_sitenote_category":0,"footnotes":""},"wf_page_folders":[13],"class_list":["post-1524","page","type-page","status-publish","hentry"],"yoast_head":"<!-- This site is optimized with the Yoast SEO plugin v27.1.1 - https:\/\/yoast.com\/product\/yoast-seo-wordpress\/ -->\n<title>Live 21 - Witech - Salon EPHJ<\/title>\n<meta name=\"description\" content=\"En direct du salonEPHJ 2022, retrouver l&#039;interview de Micha\u00ebl Villard de Witech, sur Machines Production TV\" \/>\n<meta name=\"robots\" content=\"index, follow, max-snippet:-1, max-image-preview:large, max-video-preview:-1\" \/>\n<link rel=\"canonical\" href=\"https:\/\/www.machinesproduction.fr\/tv\/live-21-witech-salon-ephj\/\" \/>\n<meta property=\"og:locale\" content=\"fr_FR\" \/>\n<meta property=\"og:type\" content=\"article\" \/>\n<meta property=\"og:title\" content=\"Live 21 - Witech - Salon EPHJ\" \/>\n<meta property=\"og:description\" content=\"En direct du salonEPHJ 2022, retrouver l&#039;interview de Micha\u00ebl Villard de Witech, sur Machines Production TV\" \/>\n<meta property=\"og:url\" content=\"https:\/\/www.machinesproduction.fr\/tv\/live-21-witech-salon-ephj\/\" \/>\n<meta property=\"og:site_name\" content=\"Machines Production TV\" \/>\n<meta property=\"article:modified_time\" content=\"2022-06-17T09:23:18+00:00\" \/>\n<meta name=\"twitter:card\" content=\"summary_large_image\" \/>\n<meta name=\"twitter:label1\" content=\"Dur\u00e9e de lecture estim\u00e9e\" \/>\n\t<meta name=\"twitter:data1\" content=\"2 minutes\" \/>\n<script type=\"application\/ld+json\" class=\"yoast-schema-graph\">{\"@context\":\"https:\/\/schema.org\",\"@graph\":[{\"@type\":\"WebPage\",\"@id\":\"https:\/\/www.machinesproduction.fr\/tv\/live-21-witech-salon-ephj\/\",\"url\":\"https:\/\/www.machinesproduction.fr\/tv\/live-21-witech-salon-ephj\/\",\"name\":\"Live 21 - Witech - Salon EPHJ\",\"isPartOf\":{\"@id\":\"https:\/\/www.machinesproduction.fr\/tv\/#website\"},\"datePublished\":\"2022-06-17T08:15:24+00:00\",\"dateModified\":\"2022-06-17T09:23:18+00:00\",\"description\":\"En direct du salonEPHJ 2022, retrouver l'interview de Micha\u00ebl Villard de Witech, sur Machines Production TV\",\"breadcrumb\":{\"@id\":\"https:\/\/www.machinesproduction.fr\/tv\/live-21-witech-salon-ephj\/#breadcrumb\"},\"inLanguage\":\"fr-FR\",\"potentialAction\":[{\"@type\":\"ReadAction\",\"target\":[\"https:\/\/www.machinesproduction.fr\/tv\/live-21-witech-salon-ephj\/\"]}]},{\"@type\":\"BreadcrumbList\",\"@id\":\"https:\/\/www.machinesproduction.fr\/tv\/live-21-witech-salon-ephj\/#breadcrumb\",\"itemListElement\":[{\"@type\":\"ListItem\",\"position\":1,\"name\":\"Home\",\"item\":\"https:\/\/www.machinesproduction.fr\/tv\/\"},{\"@type\":\"ListItem\",\"position\":2,\"name\":\"Live 21 &#8211; Witech &#8211; Salon EPHJ\"}]},{\"@type\":\"WebSite\",\"@id\":\"https:\/\/www.machinesproduction.fr\/tv\/#website\",\"url\":\"https:\/\/www.machinesproduction.fr\/tv\/\",\"name\":\"Machines Production TV\",\"description\":\"\",\"potentialAction\":[{\"@type\":\"SearchAction\",\"target\":{\"@type\":\"EntryPoint\",\"urlTemplate\":\"https:\/\/www.machinesproduction.fr\/tv\/?s={search_term_string}\"},\"query-input\":{\"@type\":\"PropertyValueSpecification\",\"valueRequired\":true,\"valueName\":\"search_term_string\"}}],\"inLanguage\":\"fr-FR\"}]}<\/script>\n<!-- \/ Yoast SEO plugin. -->","yoast_head_json":{"title":"Live 21 - Witech - Salon EPHJ","description":"En direct du salonEPHJ 2022, retrouver l'interview de Micha\u00ebl Villard de Witech, sur Machines Production TV","robots":{"index":"index","follow":"follow","max-snippet":"max-snippet:-1","max-image-preview":"max-image-preview:large","max-video-preview":"max-video-preview:-1"},"canonical":"https:\/\/www.machinesproduction.fr\/tv\/live-21-witech-salon-ephj\/","og_locale":"fr_FR","og_type":"article","og_title":"Live 21 - Witech - Salon EPHJ","og_description":"En direct du salonEPHJ 2022, retrouver l'interview de Micha\u00ebl Villard de Witech, sur Machines Production TV","og_url":"https:\/\/www.machinesproduction.fr\/tv\/live-21-witech-salon-ephj\/","og_site_name":"Machines Production TV","article_modified_time":"2022-06-17T09:23:18+00:00","twitter_card":"summary_large_image","twitter_misc":{"Dur\u00e9e de lecture estim\u00e9e":"2 minutes"},"schema":{"@context":"https:\/\/schema.org","@graph":[{"@type":"WebPage","@id":"https:\/\/www.machinesproduction.fr\/tv\/live-21-witech-salon-ephj\/","url":"https:\/\/www.machinesproduction.fr\/tv\/live-21-witech-salon-ephj\/","name":"Live 21 - Witech - Salon EPHJ","isPartOf":{"@id":"https:\/\/www.machinesproduction.fr\/tv\/#website"},"datePublished":"2022-06-17T08:15:24+00:00","dateModified":"2022-06-17T09:23:18+00:00","description":"En direct du salonEPHJ 2022, retrouver l'interview de Micha\u00ebl Villard de Witech, sur Machines Production TV","breadcrumb":{"@id":"https:\/\/www.machinesproduction.fr\/tv\/live-21-witech-salon-ephj\/#breadcrumb"},"inLanguage":"fr-FR","potentialAction":[{"@type":"ReadAction","target":["https:\/\/www.machinesproduction.fr\/tv\/live-21-witech-salon-ephj\/"]}]},{"@type":"BreadcrumbList","@id":"https:\/\/www.machinesproduction.fr\/tv\/live-21-witech-salon-ephj\/#breadcrumb","itemListElement":[{"@type":"ListItem","position":1,"name":"Home","item":"https:\/\/www.machinesproduction.fr\/tv\/"},{"@type":"ListItem","position":2,"name":"Live 21 &#8211; Witech &#8211; Salon EPHJ"}]},{"@type":"WebSite","@id":"https:\/\/www.machinesproduction.fr\/tv\/#website","url":"https:\/\/www.machinesproduction.fr\/tv\/","name":"Machines Production TV","description":"","potentialAction":[{"@type":"SearchAction","target":{"@type":"EntryPoint","urlTemplate":"https:\/\/www.machinesproduction.fr\/tv\/?s={search_term_string}"},"query-input":{"@type":"PropertyValueSpecification","valueRequired":true,"valueName":"search_term_string"}}],"inLanguage":"fr-FR"}]}},"_links":{"self":[{"href":"https:\/\/www.machinesproduction.fr\/tv\/wp-json\/wp\/v2\/pages\/1524","targetHints":{"allow":["GET"]}}],"collection":[{"href":"https:\/\/www.machinesproduction.fr\/tv\/wp-json\/wp\/v2\/pages"}],"about":[{"href":"https:\/\/www.machinesproduction.fr\/tv\/wp-json\/wp\/v2\/types\/page"}],"author":[{"embeddable":true,"href":"https:\/\/www.machinesproduction.fr\/tv\/wp-json\/wp\/v2\/users\/3"}],"replies":[{"embeddable":true,"href":"https:\/\/www.machinesproduction.fr\/tv\/wp-json\/wp\/v2\/comments?post=1524"}],"version-history":[{"count":3,"href":"https:\/\/www.machinesproduction.fr\/tv\/wp-json\/wp\/v2\/pages\/1524\/revisions"}],"predecessor-version":[{"id":1527,"href":"https:\/\/www.machinesproduction.fr\/tv\/wp-json\/wp\/v2\/pages\/1524\/revisions\/1527"}],"wp:attachment":[{"href":"https:\/\/www.machinesproduction.fr\/tv\/wp-json\/wp\/v2\/media?parent=1524"}],"wp:term":[{"taxonomy":"wf_page_folders","embeddable":true,"href":"https:\/\/www.machinesproduction.fr\/tv\/wp-json\/wp\/v2\/wf_page_folders?post=1524"}],"curies":[{"name":"wp","href":"https:\/\/api.w.org\/{rel}","templated":true}]}}

<section class="wpb-content-wrapper"><p>[vc_row][vc_column][vc_row_inner][vc_column_inner width=&#8221;1/4&#8243;][media image=&#8221;1510&#8243;][/vc_column_inner][vc_column_inner width=&#8221;3/4&#8243;][vc_column_text]</p>
<h1 data-wp-editing="1"><span style="color: #459bd9;">Witech &#8211; Interview de Michaël Villard</span></h1>
<h2><span style="color: #459bd9;">EPHJ 2022</span></h2>
<p>[/vc_column_text][/vc_column_inner][/vc_row_inner][vc_empty_space][vc_column_text]Pour ce nouveau Live de Machines Production TV, nous nous sommes arrêtés sur le stand Witech, au salon EPHJ, qui se tenait du 14 au 17 juin, à Genève. Michaël Villard, technico-commercial chez ce fabricant suisse de machines-outils, nous présente leur dernier modèle 650. Un centre de tournage-fraisage en cinq axes simultanés, équipé de la commande numérique 31i B5 Plus de Fanuc.</p>
<p>M. Villard nous montre le plateau diviseur du centre Witech 650, qui permet de « travailler en simultané avec un axe pivotant et un axe tournant ». La broche de 6,3 kW, dotée d’un attachement de type HSK E32, affiche une rotation de 40 000 tr/mn.</p>
<blockquote><p>Un autre point fort : son magasin de 96 outils, « où nous avons un système complet motorisé pour la gestion de prise d’outils et rangement. Donc on travaille en temps masqué pour la préparation des outils », souligne Michaël Villard au micro de Machines Production TV.</p></blockquote>
<p>Enfin, c’est sa commande numérique Fanuc qu’il faut souligner : « Une nouvelle interface complètement tactile », désigne-t-il, tout en nous montrant les touches, « qui peuvent être personnalisées ».</p>
<p>A noter que le centre d’usinage 650 est configurable en version avec le magasin d’outils à droite ou gauche, offrant ainsi la possibilité de placer un robot entre deux machines pour le chargement et déchargement de pièces.</p>
<div class="wpb_text_column wpb_content_element ">
<div class="wpb_wrapper">
<p><em><strong>Interview et Animation :</strong> <strong>Jérôme Meyrand</strong></em></p>
</div>
</div>
<div class="wpb_video_widget wpb_content_element vc_clearfix vc_video-aspect-ratio-169 vc_video-el-width-100 vc_video-align-left">
<div class="wpb_wrapper"></div>
</div>
<p>[/vc_column_text][vc_video link=&#8221;https://youtu.be/WaUOszVN71A&#8221;][vc_btn title=&#8221;Retour aux MP LIVE&#8221; style=&#8221;custom&#8221; custom_background=&#8221;#009ddf&#8221; custom_text=&#8221;#ffffff&#8221; shape=&#8221;round&#8221; i_icon_fontawesome=&#8221;fas fa-arrow-left&#8221; add_icon=&#8221;true&#8221; link=&#8221;url:https%3A%2F%2Fwww.machinesproduction.fr%2Ftv%2Fles-mp-live%2F|title:les%20Focus&#8221;][/vc_column][/vc_row]</p>
</section>

<p>[vc_row][vc_column][vc_row_inner][vc_column_inner width=&#8221;1/4&#8243;][media image=&#8221;1510&#8243;][/vc_column_inner][vc_column_inner width=&#8221;3/4&#8243;][vc_column_text] Witech &#8211; Interview de Michaël Villard EPHJ 2022 [/vc_column_text][/vc_column_inner][/vc_row_inner][vc_empty_space][vc_column_text]Pour ce nouveau Live de Machines Production TV, nous nous sommes arrêtés sur le stand Witech, au salon EPHJ, qui se tenait du 14 au 17 juin, à Genève. Michaël Villard, technico-commercial chez ce fabricant suisse de machines-outils, nous présente leur dernier modèle [&hellip;]</p>

<!-- This site is optimized with the Yoast SEO plugin v27.1.1 - https://yoast.com/product/yoast-seo-wordpress/ -->
<title>Live 21 - Witech - Salon EPHJ</title>
<meta name="description" content="En direct du salonEPHJ 2022, retrouver l&#039;interview de Michaël Villard de Witech, sur Machines Production TV" />
<meta name="robots" content="index, follow, max-snippet:-1, max-image-preview:large, max-video-preview:-1" />
<link rel="canonical" href="https://www.machinesproduction.fr/tv/live-21-witech-salon-ephj/" />
<meta property="og:locale" content="fr_FR" />
<meta property="og:type" content="article" />
<meta property="og:title" content="Live 21 - Witech - Salon EPHJ" />
<meta property="og:description" content="En direct du salonEPHJ 2022, retrouver l&#039;interview de Michaël Villard de Witech, sur Machines Production TV" />
<meta property="og:url" content="https://www.machinesproduction.fr/tv/live-21-witech-salon-ephj/" />
<meta property="og:site_name" content="Machines Production TV" />
<meta property="article:modified_time" content="2022-06-17T09:23:18+00:00" />
<meta name="twitter:card" content="summary_large_image" />
<meta name="twitter:label1" content="Durée de lecture estimée" />
	<meta name="twitter:data1" content="2 minutes" />
<script type="application/ld+json" class="yoast-schema-graph">{"@context":"https://schema.org","@graph":[{"@type":"WebPage","@id":"https://www.machinesproduction.fr/tv/live-21-witech-salon-ephj/","url":"https://www.machinesproduction.fr/tv/live-21-witech-salon-ephj/","name":"Live 21 - Witech - Salon EPHJ","isPartOf":{"@id":"https://www.machinesproduction.fr/tv/#website"},"datePublished":"2022-06-17T08:15:24+00:00","dateModified":"2022-06-17T09:23:18+00:00","description":"En direct du salonEPHJ 2022, retrouver l'interview de Michaël Villard de Witech, sur Machines Production TV","breadcrumb":{"@id":"https://www.machinesproduction.fr/tv/live-21-witech-salon-ephj/#breadcrumb"},"inLanguage":"fr-FR","potentialAction":[{"@type":"ReadAction","target":["https://www.machinesproduction.fr/tv/live-21-witech-salon-ephj/"]}]},{"@type":"BreadcrumbList","@id":"https://www.machinesproduction.fr/tv/live-21-witech-salon-ephj/#breadcrumb","itemListElement":[{"@type":"ListItem","position":1,"name":"Home","item":"https://www.machinesproduction.fr/tv/"},{"@type":"ListItem","position":2,"name":"Live 21 &#8211; Witech &#8211; Salon EPHJ"}]},{"@type":"WebSite","@id":"https://www.machinesproduction.fr/tv/#website","url":"https://www.machinesproduction.fr/tv/","name":"Machines Production TV","description":"","potentialAction":[{"@type":"SearchAction","target":{"@type":"EntryPoint","urlTemplate":"https://www.machinesproduction.fr/tv/?s={search_term_string}"},"query-input":{"@type":"PropertyValueSpecification","valueRequired":true,"valueName":"search_term_string"}}],"inLanguage":"fr-FR"}]}</script>
<!-- / Yoast SEO plugin. -->

En direct du salonEPHJ 2022, retrouver l'interview de Michaël Villard de Witech, sur Machines Production TV
