{"id":1518,"date":"2022-06-16T08:50:27","date_gmt":"2022-06-16T07:50:27","guid":{"rendered":"https:\/\/www.machinesproduction.fr\/tv\/?page_id=1518"},"modified":"2022-06-16T08:58:23","modified_gmt":"2022-06-16T07:58:23","slug":"live-20-factory-five-salon-ephj","status":"publish","type":"page","link":"https:\/\/www.machinesproduction.fr\/tv\/live-20-factory-five-salon-ephj\/","title":{"rendered":"Live 20 &#8211; Factory Five &#8211; Salon EPHJ"},"content":{"rendered":"<section class=\"wpb-content-wrapper\"><p>[vc_row][vc_column][vc_row_inner][vc_column_inner width=&#8221;1\/4&#8243;][media image=&#8221;1510&#8243;][\/vc_column_inner][vc_column_inner width=&#8221;3\/4&#8243;][vc_column_text]<\/p>\n<h1 data-wp-editing=\"1\"><span style=\"color: #459bd9;\">Interview de Samuel Vuadens CEO et fondateur de Factory5, du groupe Chiron. <\/span><\/h1>\n<h2><span style=\"color: #459bd9;\">EPHJ 2022<\/span><\/h2>\n<p>[\/vc_column_text][\/vc_column_inner][\/vc_row_inner][vc_empty_space][vc_column_text]Avant de concevoir la Micro5, les concepteurs se sont pos\u00e9s la question suivante\u00a0:<\/p>\n<blockquote><p>\u00ab\u00a0Pourquoi utiliser de gigantesques machines pour usiner des composants microtechniques ?\u00a0\u00bb<\/p><\/blockquote>\n<p>Cette microfraiseuse, qui ne d\u00e9passe gu\u00e8re un m\u00e8tre de large, consomme peu d\u2019\u00e9nergie et usine \u00ab\u00a0avec une rapidit\u00e9\u00a0\u00bb. Rencontr\u00e9 sur le stand de son constructeur Factory5, une entit\u00e9 du groupe Chiron, Samuel Vuadens, CEO et fondateur de cette entreprise innovante bas\u00e9e en Suisse, explique au micro de Machines Production TV que la Micro5 a \u00e9t\u00e9 con\u00e7ue pour toutes les microtechniciens qui \u00ab\u00a0fabriquent dans un cube de 50 mm d\u2019ar\u00eate\u00a0\u00bb. Ce qui concernent principalement les horlogers, qui produisent des carrures ou des platines de montres. Mais \u00e9galement le secteur du m\u00e9dical. \u00ab\u00a0C\u2019est une machine d\u2019usinage cinq axes UGV taill\u00e9e pour la production dans le monde de la microtechnique\u00a0\u00bb, insiste-t-il, depuis son stand, \u00e0 l\u2019EPHJ, le salon des technologies de haute pr\u00e9cision, qui se tenait \u00e0 Gen\u00e8ve du 14 au 17 juin.<\/p>\n<p>La Micro5 pr\u00e9sent\u00e9e est en fait la toute derni\u00e8re version, dont les principales nouveaut\u00e9s sont un axe C et un changeur de 60 outils. \u00ab\u00a0Auparavant, on n\u2019en avait que 48, et l\u00e0, on a vraiment travaill\u00e9 cette partie-l\u00e0. Et sur la partie inf\u00e9rieure de la machine, nous avons quadrupl\u00e9 la capacit\u00e9 des copeaux\u00a0\u00bb, souligne le dirigeant. Ainsi, selon M. Vuadens, la nouvelle Micro5 est dor\u00e9navant \u00ab\u00a0taill\u00e9e pour usiner de l\u2019inox dans le monde horloger\u00a0\u00bb.<\/p>\n<p>Enfin, pour expliquer l\u2019origine du nom de son entreprise Factory5, Samuel Vuadens a pos\u00e9 au journaliste la question suivante\u00a0: \u00ab\u00a0Saviez-vous qu&#8217;il y a un ratio id\u00e9al entre la taille de la pi\u00e8ce et la taille de la machine ?\u00a0\u00bb Visage interrogatif du reporteur.\u00a0\u00ab\u00a0Et de combien est ce ratio ?\u00a0\u00bb, encha\u00eene-t-il, sourire en coin. R\u00e9ponse\u00a0: \u00ab\u00a0Il est de cinq\u00a0\u00bb, lance-t-il avec malice.<\/p>\n<div class=\"wpb_text_column wpb_content_element \">\n<div class=\"wpb_wrapper\">\n<p><em><strong>Interview et Animation :<\/strong>\u00a0<strong>J\u00e9r\u00f4me Meyrand<\/strong><\/em><\/p>\n<\/div>\n<\/div>\n<div class=\"wpb_video_widget wpb_content_element vc_clearfix vc_video-aspect-ratio-169 vc_video-el-width-100 vc_video-align-left\">\n<div class=\"wpb_wrapper\"><\/div>\n<\/div>\n<p>[\/vc_column_text][vc_video link=&#8221;https:\/\/youtu.be\/dCtuWozrMo8&#8243;][vc_btn title=&#8221;Retour aux MP LIVE&#8221; style=&#8221;custom&#8221; custom_background=&#8221;#009ddf&#8221; custom_text=&#8221;#ffffff&#8221; shape=&#8221;round&#8221; i_icon_fontawesome=&#8221;fas fa-arrow-left&#8221; add_icon=&#8221;true&#8221; link=&#8221;url:https%3A%2F%2Fwww.machinesproduction.fr%2Ftv%2Fles-mp-live%2F|title:les%20Focus&#8221;][\/vc_column][\/vc_row]<\/p>\n<\/section>","protected":false},"excerpt":{"rendered":"<p>[vc_row][vc_column][vc_row_inner][vc_column_inner width=&#8221;1\/4&#8243;][media image=&#8221;1510&#8243;][\/vc_column_inner][vc_column_inner width=&#8221;3\/4&#8243;][vc_column_text] Interview de Samuel Vuadens CEO et fondateur de Factory5, du groupe Chiron. EPHJ 2022 [\/vc_column_text][\/vc_column_inner][\/vc_row_inner][vc_empty_space][vc_column_text]Avant de concevoir la Micro5, les concepteurs se sont pos\u00e9s la question suivante\u00a0: \u00ab\u00a0Pourquoi utiliser de gigantesques machines pour usiner des composants microtechniques ?\u00a0\u00bb Cette microfraiseuse, qui ne d\u00e9passe gu\u00e8re un m\u00e8tre de large, consomme peu d\u2019\u00e9nergie [&hellip;]<\/p>\n","protected":false},"author":3,"featured_media":0,"parent":0,"menu_order":0,"comment_status":"closed","ping_status":"closed","template":"","meta":{"_monsterinsights_skip_tracking":false,"_monsterinsights_sitenote_active":false,"_monsterinsights_sitenote_note":"","_monsterinsights_sitenote_category":0,"footnotes":""},"wf_page_folders":[13],"class_list":["post-1518","page","type-page","status-publish","hentry"],"yoast_head":"<!-- This site is optimized with the Yoast SEO plugin v27.1.1 - https:\/\/yoast.com\/product\/yoast-seo-wordpress\/ -->\n<title>Live 20 - Factory Five - Salon EPHJ<\/title>\n<meta name=\"description\" content=\"En direct du salonEPHJ 2022, retrouver l&#039;interview de Samuel Vuadens CEO et fondateur de Factory5, du groupe Chiron sur Machines Production TV\" \/>\n<meta name=\"robots\" content=\"index, follow, max-snippet:-1, max-image-preview:large, max-video-preview:-1\" \/>\n<link rel=\"canonical\" href=\"https:\/\/www.machinesproduction.fr\/tv\/live-20-factory-five-salon-ephj\/\" \/>\n<meta property=\"og:locale\" content=\"fr_FR\" \/>\n<meta property=\"og:type\" content=\"article\" \/>\n<meta property=\"og:title\" content=\"Live 20 - Factory Five - Salon EPHJ\" \/>\n<meta property=\"og:description\" content=\"En direct du salonEPHJ 2022, retrouver l&#039;interview de Samuel Vuadens CEO et fondateur de Factory5, du groupe Chiron sur Machines Production TV\" \/>\n<meta property=\"og:url\" content=\"https:\/\/www.machinesproduction.fr\/tv\/live-20-factory-five-salon-ephj\/\" \/>\n<meta property=\"og:site_name\" content=\"Machines Production TV\" \/>\n<meta property=\"article:modified_time\" content=\"2022-06-16T07:58:23+00:00\" \/>\n<meta name=\"twitter:card\" content=\"summary_large_image\" \/>\n<meta name=\"twitter:label1\" content=\"Dur\u00e9e de lecture estim\u00e9e\" \/>\n\t<meta name=\"twitter:data1\" content=\"2 minutes\" \/>\n<script type=\"application\/ld+json\" class=\"yoast-schema-graph\">{\"@context\":\"https:\/\/schema.org\",\"@graph\":[{\"@type\":\"WebPage\",\"@id\":\"https:\/\/www.machinesproduction.fr\/tv\/live-20-factory-five-salon-ephj\/\",\"url\":\"https:\/\/www.machinesproduction.fr\/tv\/live-20-factory-five-salon-ephj\/\",\"name\":\"Live 20 - Factory Five - Salon EPHJ\",\"isPartOf\":{\"@id\":\"https:\/\/www.machinesproduction.fr\/tv\/#website\"},\"datePublished\":\"2022-06-16T07:50:27+00:00\",\"dateModified\":\"2022-06-16T07:58:23+00:00\",\"description\":\"En direct du salonEPHJ 2022, retrouver l'interview de Samuel Vuadens CEO et fondateur de Factory5, du groupe Chiron sur Machines Production TV\",\"breadcrumb\":{\"@id\":\"https:\/\/www.machinesproduction.fr\/tv\/live-20-factory-five-salon-ephj\/#breadcrumb\"},\"inLanguage\":\"fr-FR\",\"potentialAction\":[{\"@type\":\"ReadAction\",\"target\":[\"https:\/\/www.machinesproduction.fr\/tv\/live-20-factory-five-salon-ephj\/\"]}]},{\"@type\":\"BreadcrumbList\",\"@id\":\"https:\/\/www.machinesproduction.fr\/tv\/live-20-factory-five-salon-ephj\/#breadcrumb\",\"itemListElement\":[{\"@type\":\"ListItem\",\"position\":1,\"name\":\"Home\",\"item\":\"https:\/\/www.machinesproduction.fr\/tv\/\"},{\"@type\":\"ListItem\",\"position\":2,\"name\":\"Live 20 &#8211; Factory Five &#8211; Salon EPHJ\"}]},{\"@type\":\"WebSite\",\"@id\":\"https:\/\/www.machinesproduction.fr\/tv\/#website\",\"url\":\"https:\/\/www.machinesproduction.fr\/tv\/\",\"name\":\"Machines Production TV\",\"description\":\"\",\"potentialAction\":[{\"@type\":\"SearchAction\",\"target\":{\"@type\":\"EntryPoint\",\"urlTemplate\":\"https:\/\/www.machinesproduction.fr\/tv\/?s={search_term_string}\"},\"query-input\":{\"@type\":\"PropertyValueSpecification\",\"valueRequired\":true,\"valueName\":\"search_term_string\"}}],\"inLanguage\":\"fr-FR\"}]}<\/script>\n<!-- \/ Yoast SEO plugin. -->","yoast_head_json":{"title":"Live 20 - Factory Five - Salon EPHJ","description":"En direct du salonEPHJ 2022, retrouver l'interview de Samuel Vuadens CEO et fondateur de Factory5, du groupe Chiron sur Machines Production TV","robots":{"index":"index","follow":"follow","max-snippet":"max-snippet:-1","max-image-preview":"max-image-preview:large","max-video-preview":"max-video-preview:-1"},"canonical":"https:\/\/www.machinesproduction.fr\/tv\/live-20-factory-five-salon-ephj\/","og_locale":"fr_FR","og_type":"article","og_title":"Live 20 - Factory Five - Salon EPHJ","og_description":"En direct du salonEPHJ 2022, retrouver l'interview de Samuel Vuadens CEO et fondateur de Factory5, du groupe Chiron sur Machines Production TV","og_url":"https:\/\/www.machinesproduction.fr\/tv\/live-20-factory-five-salon-ephj\/","og_site_name":"Machines Production TV","article_modified_time":"2022-06-16T07:58:23+00:00","twitter_card":"summary_large_image","twitter_misc":{"Dur\u00e9e de lecture estim\u00e9e":"2 minutes"},"schema":{"@context":"https:\/\/schema.org","@graph":[{"@type":"WebPage","@id":"https:\/\/www.machinesproduction.fr\/tv\/live-20-factory-five-salon-ephj\/","url":"https:\/\/www.machinesproduction.fr\/tv\/live-20-factory-five-salon-ephj\/","name":"Live 20 - Factory Five - Salon EPHJ","isPartOf":{"@id":"https:\/\/www.machinesproduction.fr\/tv\/#website"},"datePublished":"2022-06-16T07:50:27+00:00","dateModified":"2022-06-16T07:58:23+00:00","description":"En direct du salonEPHJ 2022, retrouver l'interview de Samuel Vuadens CEO et fondateur de Factory5, du groupe Chiron sur Machines Production TV","breadcrumb":{"@id":"https:\/\/www.machinesproduction.fr\/tv\/live-20-factory-five-salon-ephj\/#breadcrumb"},"inLanguage":"fr-FR","potentialAction":[{"@type":"ReadAction","target":["https:\/\/www.machinesproduction.fr\/tv\/live-20-factory-five-salon-ephj\/"]}]},{"@type":"BreadcrumbList","@id":"https:\/\/www.machinesproduction.fr\/tv\/live-20-factory-five-salon-ephj\/#breadcrumb","itemListElement":[{"@type":"ListItem","position":1,"name":"Home","item":"https:\/\/www.machinesproduction.fr\/tv\/"},{"@type":"ListItem","position":2,"name":"Live 20 &#8211; Factory Five &#8211; Salon EPHJ"}]},{"@type":"WebSite","@id":"https:\/\/www.machinesproduction.fr\/tv\/#website","url":"https:\/\/www.machinesproduction.fr\/tv\/","name":"Machines Production TV","description":"","potentialAction":[{"@type":"SearchAction","target":{"@type":"EntryPoint","urlTemplate":"https:\/\/www.machinesproduction.fr\/tv\/?s={search_term_string}"},"query-input":{"@type":"PropertyValueSpecification","valueRequired":true,"valueName":"search_term_string"}}],"inLanguage":"fr-FR"}]}},"_links":{"self":[{"href":"https:\/\/www.machinesproduction.fr\/tv\/wp-json\/wp\/v2\/pages\/1518","targetHints":{"allow":["GET"]}}],"collection":[{"href":"https:\/\/www.machinesproduction.fr\/tv\/wp-json\/wp\/v2\/pages"}],"about":[{"href":"https:\/\/www.machinesproduction.fr\/tv\/wp-json\/wp\/v2\/types\/page"}],"author":[{"embeddable":true,"href":"https:\/\/www.machinesproduction.fr\/tv\/wp-json\/wp\/v2\/users\/3"}],"replies":[{"embeddable":true,"href":"https:\/\/www.machinesproduction.fr\/tv\/wp-json\/wp\/v2\/comments?post=1518"}],"version-history":[{"count":3,"href":"https:\/\/www.machinesproduction.fr\/tv\/wp-json\/wp\/v2\/pages\/1518\/revisions"}],"predecessor-version":[{"id":1521,"href":"https:\/\/www.machinesproduction.fr\/tv\/wp-json\/wp\/v2\/pages\/1518\/revisions\/1521"}],"wp:attachment":[{"href":"https:\/\/www.machinesproduction.fr\/tv\/wp-json\/wp\/v2\/media?parent=1518"}],"wp:term":[{"taxonomy":"wf_page_folders","embeddable":true,"href":"https:\/\/www.machinesproduction.fr\/tv\/wp-json\/wp\/v2\/wf_page_folders?post=1518"}],"curies":[{"name":"wp","href":"https:\/\/api.w.org\/{rel}","templated":true}]}}

<section class="wpb-content-wrapper"><p>[vc_row][vc_column][vc_row_inner][vc_column_inner width=&#8221;1/4&#8243;][media image=&#8221;1510&#8243;][/vc_column_inner][vc_column_inner width=&#8221;3/4&#8243;][vc_column_text]</p>
<h1 data-wp-editing="1"><span style="color: #459bd9;">Interview de Samuel Vuadens CEO et fondateur de Factory5, du groupe Chiron. </span></h1>
<h2><span style="color: #459bd9;">EPHJ 2022</span></h2>
<p>[/vc_column_text][/vc_column_inner][/vc_row_inner][vc_empty_space][vc_column_text]Avant de concevoir la Micro5, les concepteurs se sont posés la question suivante :</p>
<blockquote><p>« Pourquoi utiliser de gigantesques machines pour usiner des composants microtechniques ? »</p></blockquote>
<p>Cette microfraiseuse, qui ne dépasse guère un mètre de large, consomme peu d’énergie et usine « avec une rapidité ». Rencontré sur le stand de son constructeur Factory5, une entité du groupe Chiron, Samuel Vuadens, CEO et fondateur de cette entreprise innovante basée en Suisse, explique au micro de Machines Production TV que la Micro5 a été conçue pour toutes les microtechniciens qui « fabriquent dans un cube de 50 mm d’arête ». Ce qui concernent principalement les horlogers, qui produisent des carrures ou des platines de montres. Mais également le secteur du médical. « C’est une machine d’usinage cinq axes UGV taillée pour la production dans le monde de la microtechnique », insiste-t-il, depuis son stand, à l’EPHJ, le salon des technologies de haute précision, qui se tenait à Genève du 14 au 17 juin.</p>
<p>La Micro5 présentée est en fait la toute dernière version, dont les principales nouveautés sont un axe C et un changeur de 60 outils. « Auparavant, on n’en avait que 48, et là, on a vraiment travaillé cette partie-là. Et sur la partie inférieure de la machine, nous avons quadruplé la capacité des copeaux », souligne le dirigeant. Ainsi, selon M. Vuadens, la nouvelle Micro5 est dorénavant « taillée pour usiner de l’inox dans le monde horloger ».</p>
<p>Enfin, pour expliquer l’origine du nom de son entreprise Factory5, Samuel Vuadens a posé au journaliste la question suivante : « Saviez-vous qu&#8217;il y a un ratio idéal entre la taille de la pièce et la taille de la machine ? » Visage interrogatif du reporteur. « Et de combien est ce ratio ? », enchaîne-t-il, sourire en coin. Réponse : « Il est de cinq », lance-t-il avec malice.</p>
<div class="wpb_text_column wpb_content_element ">
<div class="wpb_wrapper">
<p><em><strong>Interview et Animation :</strong> <strong>Jérôme Meyrand</strong></em></p>
</div>
</div>
<div class="wpb_video_widget wpb_content_element vc_clearfix vc_video-aspect-ratio-169 vc_video-el-width-100 vc_video-align-left">
<div class="wpb_wrapper"></div>
</div>
<p>[/vc_column_text][vc_video link=&#8221;https://youtu.be/dCtuWozrMo8&#8243;][vc_btn title=&#8221;Retour aux MP LIVE&#8221; style=&#8221;custom&#8221; custom_background=&#8221;#009ddf&#8221; custom_text=&#8221;#ffffff&#8221; shape=&#8221;round&#8221; i_icon_fontawesome=&#8221;fas fa-arrow-left&#8221; add_icon=&#8221;true&#8221; link=&#8221;url:https%3A%2F%2Fwww.machinesproduction.fr%2Ftv%2Fles-mp-live%2F|title:les%20Focus&#8221;][/vc_column][/vc_row]</p>
</section>

<p>[vc_row][vc_column][vc_row_inner][vc_column_inner width=&#8221;1/4&#8243;][media image=&#8221;1510&#8243;][/vc_column_inner][vc_column_inner width=&#8221;3/4&#8243;][vc_column_text] Interview de Samuel Vuadens CEO et fondateur de Factory5, du groupe Chiron. EPHJ 2022 [/vc_column_text][/vc_column_inner][/vc_row_inner][vc_empty_space][vc_column_text]Avant de concevoir la Micro5, les concepteurs se sont posés la question suivante : « Pourquoi utiliser de gigantesques machines pour usiner des composants microtechniques ? » Cette microfraiseuse, qui ne dépasse guère un mètre de large, consomme peu d’énergie [&hellip;]</p>

<!-- This site is optimized with the Yoast SEO plugin v27.1.1 - https://yoast.com/product/yoast-seo-wordpress/ -->
<title>Live 20 - Factory Five - Salon EPHJ</title>
<meta name="description" content="En direct du salonEPHJ 2022, retrouver l&#039;interview de Samuel Vuadens CEO et fondateur de Factory5, du groupe Chiron sur Machines Production TV" />
<meta name="robots" content="index, follow, max-snippet:-1, max-image-preview:large, max-video-preview:-1" />
<link rel="canonical" href="https://www.machinesproduction.fr/tv/live-20-factory-five-salon-ephj/" />
<meta property="og:locale" content="fr_FR" />
<meta property="og:type" content="article" />
<meta property="og:title" content="Live 20 - Factory Five - Salon EPHJ" />
<meta property="og:description" content="En direct du salonEPHJ 2022, retrouver l&#039;interview de Samuel Vuadens CEO et fondateur de Factory5, du groupe Chiron sur Machines Production TV" />
<meta property="og:url" content="https://www.machinesproduction.fr/tv/live-20-factory-five-salon-ephj/" />
<meta property="og:site_name" content="Machines Production TV" />
<meta property="article:modified_time" content="2022-06-16T07:58:23+00:00" />
<meta name="twitter:card" content="summary_large_image" />
<meta name="twitter:label1" content="Durée de lecture estimée" />
	<meta name="twitter:data1" content="2 minutes" />
<script type="application/ld+json" class="yoast-schema-graph">{"@context":"https://schema.org","@graph":[{"@type":"WebPage","@id":"https://www.machinesproduction.fr/tv/live-20-factory-five-salon-ephj/","url":"https://www.machinesproduction.fr/tv/live-20-factory-five-salon-ephj/","name":"Live 20 - Factory Five - Salon EPHJ","isPartOf":{"@id":"https://www.machinesproduction.fr/tv/#website"},"datePublished":"2022-06-16T07:50:27+00:00","dateModified":"2022-06-16T07:58:23+00:00","description":"En direct du salonEPHJ 2022, retrouver l'interview de Samuel Vuadens CEO et fondateur de Factory5, du groupe Chiron sur Machines Production TV","breadcrumb":{"@id":"https://www.machinesproduction.fr/tv/live-20-factory-five-salon-ephj/#breadcrumb"},"inLanguage":"fr-FR","potentialAction":[{"@type":"ReadAction","target":["https://www.machinesproduction.fr/tv/live-20-factory-five-salon-ephj/"]}]},{"@type":"BreadcrumbList","@id":"https://www.machinesproduction.fr/tv/live-20-factory-five-salon-ephj/#breadcrumb","itemListElement":[{"@type":"ListItem","position":1,"name":"Home","item":"https://www.machinesproduction.fr/tv/"},{"@type":"ListItem","position":2,"name":"Live 20 &#8211; Factory Five &#8211; Salon EPHJ"}]},{"@type":"WebSite","@id":"https://www.machinesproduction.fr/tv/#website","url":"https://www.machinesproduction.fr/tv/","name":"Machines Production TV","description":"","potentialAction":[{"@type":"SearchAction","target":{"@type":"EntryPoint","urlTemplate":"https://www.machinesproduction.fr/tv/?s={search_term_string}"},"query-input":{"@type":"PropertyValueSpecification","valueRequired":true,"valueName":"search_term_string"}}],"inLanguage":"fr-FR"}]}</script>
<!-- / Yoast SEO plugin. -->
