
{"id":23,"date":"2017-06-27T13:03:28","date_gmt":"2017-06-27T13:03:28","guid":{"rendered":"https:\/\/workscout.staging.wpengine.com\/?page_id=8502"},"modified":"2021-04-27T10:59:37","modified_gmt":"2021-04-27T08:59:37","slug":"annonces-emplois","status":"publish","type":"page","link":"https:\/\/www.machinesproduction.fr\/emploi\/annonces-emplois\/","title":{"rendered":"Liste des annonces"},"content":{"rendered":"<p>[vc_row css=\u00a0\u00bb.vc_custom_1618299801954{margin-top: 30px !important;padding-top: 30px !important;}\u00a0\u00bb][vc_column]<div class=\"job_listings \" data-location=\"\" data-keywords=\"\" data-show_filters=\"false\" data-show_pagination=\"true\" data-job_types=\"\" data-per_page=\"10\" data-orderby=\"featured\" data-order=\"DESC\" data-categories=\"\" data-disable-form-state-storage=\"\" data-post_id=\"4785\" >\r\n            <!-- Listings Loader -->\r\n            <div class=\"listings-loader\">\r\n                <div class=\"spinner\">\r\n                  <div class=\"double-bounce1\"><\/div>\r\n                  <div class=\"double-bounce2\"><\/div>\r\n                <\/div>\r\n            <\/div>\r\n            \r\n            <ul class=\"job_listings job-list full  new-layout \" >\r\n\r\n                            <!-- Listing -->\n<li \ndata-longitude=\"\" \ndata-latitude=\"\" data-title=\"Op\u00e9rateur CNC &#8211; Usine de Paris\" \ndata-image=\"https:\/\/www.machinesproduction.fr\/emploi\/wp-content\/uploads\/job-manager-uploads\/company_logo\/2026\/04\/1750269196020-150x150.jpeg\" \ndata-company=\"Isembard\" \ndata-address=\"Ile de France\" \ndata-job_type=\"&lt;span class=&quot;job-type full-time&quot;&gt;CDI&lt;\/span&gt;\" \ndata-rate=\"\" \ndata-salary=\"\"\ndata-job_type_class=\"\"\n>\n\t<a href=\"https:\/\/www.machinesproduction.fr\/emploi\/poste\/isembard-ile-de-france-2-operateur-cnc-usine-de-paris\/\" class=\"left post-4864 job_listing type-job_listing status-publish has-post-thumbnail hentry job_listing_category-usinage job_listing_type-full-time job_listing_tag-operateur job-type-cdi\" data-longitude=\"\" data-latitude=\"\">\n\t\t<div class=\"listing-logo\">\n\t\t\t<img decoding=\"async\" class=\"company_logo\" src=\"https:\/\/www.machinesproduction.fr\/emploi\/wp-content\/uploads\/job-manager-uploads\/company_logo\/2026\/04\/1750269196020-150x150.jpeg\" alt=\"Isembard\" \/>\t\t<\/div>\n\t\t<div class=\"listing-title\">\n\t\t\t<h4>Op\u00e9rateur CNC &#8211; Usine de Paris \n\t\t\t\t<div class=\"listing-types-list\"><span class=\"job-type full-time\">CDI<\/span><\/div>\n\t\t\t\t\n\t\t\t<\/h4>\n\t\t\t<ul class=\"listing-icons\">\n\t\t\t\t\t\t\t\t\t\n\t\t\t\t\t\t\t\t\t\t\t\t\t<li><i class=\"ln ln-icon-Management\"><\/i> Isembard<\/li>\n\t\t\t\t\t\t\t\t\n\t\t\t\t\t\t\t\t\t<li><i class=\"ln ln-icon-Map2\"><\/i> Ile de France<\/li>\n\t\t\t\t\t\t\t\t\n\t\t\t\t\t\t\t\t\n\t\t\t\t\t\t\t\t\t\n\t\t\t\t\t\t\t\t\t\t\t\t\n\n\t\t\t\t\t\t\t\t\t\t\t\t\t\t\t\t<div class=\"listing-desc\"><p>**Lieu :** Paris (usine) **Type de contrat :** Temps plein **Salaire :** Comp\u00e9titif **Participation au capital :** Align\u00e9e sur le march\u00e9 ### **Description du poste :** Programmez, r\u00e9glez et faites&#8230;<\/p>\n<\/div>\n\t\t\t\t\t\t\t\t\t\n\t\t\t\t\n\t\t\t<\/ul>\n\t\t\t\n\t\t<\/div>\n\t<\/a>\n<\/li>\n                            <!-- Listing -->\n<li \ndata-longitude=\"\" \ndata-latitude=\"\" data-title=\"Ing\u00e9nieur FAO &#8211; Usine de Paris\" \ndata-image=\"https:\/\/www.machinesproduction.fr\/emploi\/wp-content\/uploads\/job-manager-uploads\/company_logo\/2026\/04\/1750269196020-1-150x150.jpeg\" \ndata-company=\"Isembard\" \ndata-address=\"Ile de France\" \ndata-job_type=\"&lt;span class=&quot;job-type full-time&quot;&gt;CDI&lt;\/span&gt;\" \ndata-rate=\"\" \ndata-salary=\"\"\ndata-job_type_class=\"\"\n>\n\t<a href=\"https:\/\/www.machinesproduction.fr\/emploi\/poste\/isembard-ile-de-france-2-ingenieur-fao-usine-de-paris\/\" class=\"left post-4861 job_listing type-job_listing status-publish has-post-thumbnail hentry job_listing_category-usinage job_listing_type-full-time job_listing_tag-ingenieur-informatique-industrielle job-type-cdi\" data-longitude=\"\" data-latitude=\"\">\n\t\t<div class=\"listing-logo\">\n\t\t\t<img decoding=\"async\" class=\"company_logo\" src=\"https:\/\/www.machinesproduction.fr\/emploi\/wp-content\/uploads\/job-manager-uploads\/company_logo\/2026\/04\/1750269196020-1-150x150.jpeg\" alt=\"Isembard\" \/>\t\t<\/div>\n\t\t<div class=\"listing-title\">\n\t\t\t<h4>Ing\u00e9nieur FAO &#8211; Usine de Paris \n\t\t\t\t<div class=\"listing-types-list\"><span class=\"job-type full-time\">CDI<\/span><\/div>\n\t\t\t\t\n\t\t\t<\/h4>\n\t\t\t<ul class=\"listing-icons\">\n\t\t\t\t\t\t\t\t\t\n\t\t\t\t\t\t\t\t\t\t\t\t\t<li><i class=\"ln ln-icon-Management\"><\/i> Isembard<\/li>\n\t\t\t\t\t\t\t\t\n\t\t\t\t\t\t\t\t\t<li><i class=\"ln ln-icon-Map2\"><\/i> Ile de France<\/li>\n\t\t\t\t\t\t\t\t\n\t\t\t\t\t\t\t\t\n\t\t\t\t\t\t\t\t\t\n\t\t\t\t\t\t\t\t\t\t\t\t\n\n\t\t\t\t\t\t\t\t\t\t\t\t\t\t\t\t<div class=\"listing-desc\"><p>## Pr\u00e9sentation du poste Vous serez responsable des normes de programmation CAM et d&rsquo;usinage pour la premi\u00e8re usine francaise d&rsquo;Isembard, de la cr\u00e9ation des parcours d&rsquo;outils et de la validation&#8230;<\/p>\n<\/div>\n\t\t\t\t\t\t\t\t\t\n\t\t\t\t\n\t\t\t<\/ul>\n\t\t\t\n\t\t<\/div>\n\t<\/a>\n<\/li>\n                            <!-- Listing -->\n<li \ndata-longitude=\"\" \ndata-latitude=\"\" data-title=\"Offre de Stage : Technicien(ne) \/ Op\u00e9rateur(rice) Usinage\" \ndata-image=\"https:\/\/www.machinesproduction.fr\/emploi\/wp-content\/uploads\/job-manager-uploads\/company_logo\/2025\/04\/Logo-AKIRA-HD-FOMR-Sans-fond.png\" \ndata-company=\"AKIRA TECHNOLOGIES\" \ndata-address=\"BERGERAC\" \ndata-job_type=\"&lt;span class=&quot;job-type internship&quot;&gt;Stage \/ Alternance&lt;\/span&gt;\" \ndata-rate=\"\" \ndata-salary=\"\"\ndata-job_type_class=\"\"\n>\n\t<a href=\"https:\/\/www.machinesproduction.fr\/emploi\/poste\/akira-technologies-bergerac-6-offre-de-stage-technicienne-operateurrice-usinage\/\" class=\"left post-4852 job_listing type-job_listing status-publish has-post-thumbnail hentry job_listing_category-usinage job_listing_type-internship job_listing_tag-operateur job-type-stage-alternance\" data-longitude=\"\" data-latitude=\"\">\n\t\t<div class=\"listing-logo\">\n\t\t\t<img decoding=\"async\" class=\"company_logo\" src=\"https:\/\/www.machinesproduction.fr\/emploi\/wp-content\/uploads\/job-manager-uploads\/company_logo\/2025\/04\/Logo-AKIRA-HD-FOMR-Sans-fond.png\" alt=\"AKIRA TECHNOLOGIES\" \/>\t\t<\/div>\n\t\t<div class=\"listing-title\">\n\t\t\t<h4>Offre de Stage : Technicien(ne) \/ Op\u00e9rateur(rice) Usinage \n\t\t\t\t<div class=\"listing-types-list\"><span class=\"job-type internship\">Stage \/ Alternance<\/span><\/div>\n\t\t\t\t\n\t\t\t<\/h4>\n\t\t\t<ul class=\"listing-icons\">\n\t\t\t\t\t\t\t\t\t\n\t\t\t\t\t\t\t\t\t\t\t\t\t<li><i class=\"ln ln-icon-Management\"><\/i> AKIRA TECHNOLOGIES<\/li>\n\t\t\t\t\t\t\t\t\n\t\t\t\t\t\t\t\t\t<li><i class=\"ln ln-icon-Map2\"><\/i> BERGERAC<\/li>\n\t\t\t\t\t\t\t\t\n\t\t\t\t\t\t\t\t\n\t\t\t\t\t\t\t\t\t\n\t\t\t\t\t\t\t\t\t\t\t\t\n\n\t\t\t\t\t\t\t\t\t\t\t\t\t\t\t\t<div class=\"listing-desc\"><p>AKIRA Technologies est une soci\u00e9t\u00e9 d\u2019une soixantaine de personnes, bas\u00e9e \u00e0 Bayonne et sp\u00e9cialis\u00e9e dans la conception et la r\u00e9alisation de bancs d\u2019essais sp\u00e9ciaux et de machines de conversion d\u2019\u00e9nergie&#8230;<\/p>\n<\/div>\n\t\t\t\t\t\t\t\t\t\n\t\t\t\t\n\t\t\t<\/ul>\n\t\t\t\n\t\t<\/div>\n\t<\/a>\n<\/li>\n                            <!-- Listing -->\n<li \ndata-longitude=\"\" \ndata-latitude=\"\" data-title=\"ALTERNANCE-TECHNICIEN D&rsquo;USINAGE H\/F\" \ndata-image=\"https:\/\/www.machinesproduction.fr\/emploi\/wp-content\/uploads\/job-manager-uploads\/company_logo\/2026\/03\/LOGO.jpg\" \ndata-company=\"DOMECA\" \ndata-address=\"EPERCIEUX-SAINT-PAUL, 42110\" \ndata-job_type=\"&lt;span class=&quot;job-type internship&quot;&gt;Stage \/ Alternance&lt;\/span&gt;\" \ndata-rate=\"\" \ndata-salary=\"\"\ndata-job_type_class=\"\"\n>\n\t<a href=\"https:\/\/www.machinesproduction.fr\/emploi\/poste\/domeca-epercieux-saint-paul-42110-6-alternance-technicien-dusinage-h-f\/\" class=\"left post-4848 job_listing type-job_listing status-publish has-post-thumbnail hentry job_listing_category-usinage job_listing_type-internship job_listing_tag-technicien job-type-stage-alternance\" data-longitude=\"\" data-latitude=\"\">\n\t\t<div class=\"listing-logo\">\n\t\t\t<img decoding=\"async\" class=\"company_logo\" src=\"https:\/\/www.machinesproduction.fr\/emploi\/wp-content\/uploads\/job-manager-uploads\/company_logo\/2026\/03\/LOGO.jpg\" alt=\"DOMECA\" \/>\t\t<\/div>\n\t\t<div class=\"listing-title\">\n\t\t\t<h4>ALTERNANCE-TECHNICIEN D&rsquo;USINAGE H\/F \n\t\t\t\t<div class=\"listing-types-list\"><span class=\"job-type internship\">Stage \/ Alternance<\/span><\/div>\n\t\t\t\t\n\t\t\t<\/h4>\n\t\t\t<ul class=\"listing-icons\">\n\t\t\t\t\t\t\t\t\t\n\t\t\t\t\t\t\t\t\t\t\t\t\t<li><i class=\"ln ln-icon-Management\"><\/i> DOMECA<\/li>\n\t\t\t\t\t\t\t\t\n\t\t\t\t\t\t\t\t\t<li><i class=\"ln ln-icon-Map2\"><\/i> EPERCIEUX-SAINT-PAUL, 42110<\/li>\n\t\t\t\t\t\t\t\t\n\t\t\t\t\t\t\t\t\n\t\t\t\t\t\t\t\t\t\n\t\t\t\t\t\t\t\t\t\t\t\t\n\n\t\t\t\t\t\t\t\t\t\t\t\t\t\t\t\t<div class=\"listing-desc\"><p>Etudiant, Etudiante, vous souhaitez int\u00e9grer un BAC Pro TRPM (Technicien en R\u00e9alisation de Produits M\u00e9caniques) ou un BTS CPRP (Conception des Processus de R\u00e9alisation de Produits) en apprentissage \u00e0 la&#8230;<\/p>\n<\/div>\n\t\t\t\t\t\t\t\t\t\n\t\t\t\t\n\t\t\t<\/ul>\n\t\t\t\n\t\t<\/div>\n\t<\/a>\n<\/li>\n                            <!-- Listing -->\n<li \ndata-longitude=\"\" \ndata-latitude=\"\" data-title=\"R\u00e9gleur Fraiseur sur commandes num\u00e9riques H\/F\" \ndata-image=\"https:\/\/www.machinesproduction.fr\/emploi\/wp-content\/uploads\/job-manager-uploads\/company_logo\/2026\/03\/LOGO.jpg\" \ndata-company=\"DOMECA\" \ndata-address=\"EPERCIEUX-SAINT-PAUL (42110)\" \ndata-job_type=\"&lt;span class=&quot;job-type full-time&quot;&gt;CDI&lt;\/span&gt;\" \ndata-rate=\"\" \ndata-salary=\"\"\ndata-job_type_class=\"\"\n>\n\t<a href=\"https:\/\/www.machinesproduction.fr\/emploi\/poste\/domeca-epercieux-saint-paul-42110-2-regleur-fraiseur-sur-commandes-numeriques-h-f\/\" class=\"left post-4843 job_listing type-job_listing status-publish has-post-thumbnail hentry job_listing_category-usinage job_listing_type-full-time job_listing_tag-technicien job-type-cdi\" data-longitude=\"\" data-latitude=\"\">\n\t\t<div class=\"listing-logo\">\n\t\t\t<img decoding=\"async\" class=\"company_logo\" src=\"https:\/\/www.machinesproduction.fr\/emploi\/wp-content\/uploads\/job-manager-uploads\/company_logo\/2026\/03\/LOGO.jpg\" alt=\"DOMECA\" \/>\t\t<\/div>\n\t\t<div class=\"listing-title\">\n\t\t\t<h4>R\u00e9gleur Fraiseur sur commandes num\u00e9riques H\/F \n\t\t\t\t<div class=\"listing-types-list\"><span class=\"job-type full-time\">CDI<\/span><\/div>\n\t\t\t\t\n\t\t\t<\/h4>\n\t\t\t<ul class=\"listing-icons\">\n\t\t\t\t\t\t\t\t\t\n\t\t\t\t\t\t\t\t\t\t\t\t\t<li><i class=\"ln ln-icon-Management\"><\/i> DOMECA<\/li>\n\t\t\t\t\t\t\t\t\n\t\t\t\t\t\t\t\t\t<li><i class=\"ln ln-icon-Map2\"><\/i> EPERCIEUX-SAINT-PAUL (42110)<\/li>\n\t\t\t\t\t\t\t\t\n\t\t\t\t\t\t\t\t\n\t\t\t\t\t\t\t\t\t\n\t\t\t\t\t\t\t\t\t\t\t\t\n\n\t\t\t\t\t\t\t\t\t\t\t\t\t\t\t\t<div class=\"listing-desc\"><p>Bas\u00e9e \u00e0 EPERCIEUX SAINT PAUL, DOMECA M\u00e9canique &amp; Usinage, PME Fran\u00e7aise de 13 salari\u00e9s, certifi\u00e9e ISO 9001, est sp\u00e9cialis\u00e9e dans l&rsquo;usinage de pi\u00e8ces m\u00e9caniques unitaires et petites s\u00e9ries toutes mati\u00e8res&#8230;<\/p>\n<\/div>\n\t\t\t\t\t\t\t\t\t\n\t\t\t\t\n\t\t\t<\/ul>\n\t\t\t\n\t\t<\/div>\n\t<\/a>\n<\/li>\n                            <!-- Listing -->\n<li \ndata-longitude=\"\" \ndata-latitude=\"\" data-title=\"Conseiller Technique s\u00e9dentaire\" \ndata-image=\"https:\/\/www.machinesproduction.fr\/emploi\/wp-content\/uploads\/job-manager-uploads\/company_logo\/2026\/02\/horn_france_logo.jpg\" \ndata-company=\"HORN France\" \ndata-address=\"Lieusaint (77)\" \ndata-job_type=\"&lt;span class=&quot;job-type full-time&quot;&gt;CDI&lt;\/span&gt;\" \ndata-rate=\"\" \ndata-salary=\"\"\ndata-job_type_class=\"\"\n>\n\t<a href=\"https:\/\/www.machinesproduction.fr\/emploi\/poste\/horn-france-lieusaint-77-2-conseiller-technique-sedentaire\/\" class=\"left post-4809 job_listing type-job_listing status-publish has-post-thumbnail hentry job_listing_category-usinage job_listing_type-full-time job-type-cdi\" data-longitude=\"\" data-latitude=\"\">\n\t\t<div class=\"listing-logo\">\n\t\t\t<img decoding=\"async\" class=\"company_logo\" src=\"https:\/\/www.machinesproduction.fr\/emploi\/wp-content\/uploads\/job-manager-uploads\/company_logo\/2026\/02\/horn_france_logo.jpg\" alt=\"HORN France\" \/>\t\t<\/div>\n\t\t<div class=\"listing-title\">\n\t\t\t<h4>Conseiller Technique s\u00e9dentaire \n\t\t\t\t<div class=\"listing-types-list\"><span class=\"job-type full-time\">CDI<\/span><\/div>\n\t\t\t\t\n\t\t\t<\/h4>\n\t\t\t<ul class=\"listing-icons\">\n\t\t\t\t\t\t\t\t\t\n\t\t\t\t\t\t\t\t\t\t\t\t\t<li><i class=\"ln ln-icon-Management\"><\/i> HORN France<\/li>\n\t\t\t\t\t\t\t\t\n\t\t\t\t\t\t\t\t\t<li><i class=\"ln ln-icon-Map2\"><\/i> Lieusaint (77)<\/li>\n\t\t\t\t\t\t\t\t\n\t\t\t\t\t\t\t\t\n\t\t\t\t\t\t\t\t\t\n\t\t\t\t\t\t\t\t\t\t\t\t\n\n\t\t\t\t\t\t\t\t\t\t\t\t\t\t\t\t<div class=\"listing-desc\"><p>Notre soci\u00e9t\u00e9, filiale fran\u00e7aise d&rsquo;un des leaders mondiaux sp\u00e9cialis\u00e9 dans la fabrication et la vente d\u2019outils coupants en carbure, recherche : 1 Conseiller technique (H\/F) bas\u00e9 \u00e0 Lieusaint (77) en&#8230;<\/p>\n<\/div>\n\t\t\t\t\t\t\t\t\t\n\t\t\t\t\n\t\t\t<\/ul>\n\t\t\t\n\t\t<\/div>\n\t<\/a>\n<\/li>\n                            <!-- Listing -->\n<li \ndata-longitude=\"\" \ndata-latitude=\"\" data-title=\"Fraiseur sur cn h\/f\" \ndata-image=\"https:\/\/www.machinesproduction.fr\/emploi\/wp-content\/uploads\/2021\/04\/logo-machines-production_V04-roue.png\" \ndata-company=\"Drevon technologie\" \ndata-address=\"St Etienne de St Geoirs\" \ndata-job_type=\"&lt;span class=&quot;job-type full-time&quot;&gt;CDI&lt;\/span&gt;\" \ndata-rate=\"\" \ndata-salary=\"\"\ndata-job_type_class=\"\"\n>\n\t<a href=\"https:\/\/www.machinesproduction.fr\/emploi\/poste\/drevon-technologie-st-etienne-de-st-geoirs-2-fraiseur-sur-cn-h-f\/\" class=\"left post-4805 job_listing type-job_listing status-publish hentry job_listing_category-usinage job_listing_type-full-time job_listing_tag-technicien job-type-cdi\" data-longitude=\"\" data-latitude=\"\">\n\t\t<div class=\"listing-logo\">\n\t\t\t<img decoding=\"async\" class=\"company_logo\" src=\"https:\/\/www.machinesproduction.fr\/emploi\/wp-content\/uploads\/2021\/04\/logo-machines-production_V04-roue.png\" alt=\"Drevon technologie\" \/>\t\t<\/div>\n\t\t<div class=\"listing-title\">\n\t\t\t<h4>Fraiseur sur cn h\/f \n\t\t\t\t<div class=\"listing-types-list\"><span class=\"job-type full-time\">CDI<\/span><\/div>\n\t\t\t\t\n\t\t\t<\/h4>\n\t\t\t<ul class=\"listing-icons\">\n\t\t\t\t\t\t\t\t\t\n\t\t\t\t\t\t\t\t\t\t\t\t\t<li><i class=\"ln ln-icon-Management\"><\/i> Drevon technologie<\/li>\n\t\t\t\t\t\t\t\t\n\t\t\t\t\t\t\t\t\t<li><i class=\"ln ln-icon-Map2\"><\/i> St Etienne de St Geoirs<\/li>\n\t\t\t\t\t\t\t\t\n\t\t\t\t\t\t\t\t\n\t\t\t\t\t\t\t\t\t\n\t\t\t\t\t\t\t\t\t\t\t\t\n\n\t\t\t\t\t\t\t\t\t\t\t\t\t\t\t\t<div class=\"listing-desc\"><p>\u200bDREVON TECHNOLOGIE est une PME sp\u00e9cialis\u00e9e dans l&rsquo;usinage de pr\u00e9cision. Int\u00e9gr\u00e9e au sein d&rsquo;un groupe industriel dynamique en synergie avec ACERO TECHNOLOGIE (montage industriel), notre structure intervient sur des march\u00e9s&#8230;<\/p>\n<\/div>\n\t\t\t\t\t\t\t\t\t\n\t\t\t\t\n\t\t\t<\/ul>\n\t\t\t\n\t\t<\/div>\n\t<\/a>\n<\/li>\n                            <!-- Listing -->\n<li \ndata-longitude=\"\" \ndata-latitude=\"\" data-title=\"Directeur de production\" \ndata-image=\"https:\/\/www.machinesproduction.fr\/emploi\/wp-content\/uploads\/2021\/04\/logo-machines-production_V04-roue.png\" \ndata-company=\"Labcremy\" \ndata-address=\"Somain 59490\" \ndata-job_type=\"&lt;span class=&quot;job-type full-time&quot;&gt;CDI&lt;\/span&gt;\" \ndata-rate=\"\" \ndata-salary=\"\"\ndata-job_type_class=\"\"\n>\n\t<a href=\"https:\/\/www.machinesproduction.fr\/emploi\/poste\/labcremy-somain-59490-2-directeur-de-production\/\" class=\"left post-4804 job_listing type-job_listing status-publish hentry job_listing_category-equipement-industriel job_listing_type-full-time job_listing_tag-directeur-de-production job-type-cdi\" data-longitude=\"\" data-latitude=\"\">\n\t\t<div class=\"listing-logo\">\n\t\t\t<img decoding=\"async\" class=\"company_logo\" src=\"https:\/\/www.machinesproduction.fr\/emploi\/wp-content\/uploads\/2021\/04\/logo-machines-production_V04-roue.png\" alt=\"Labcremy\" \/>\t\t<\/div>\n\t\t<div class=\"listing-title\">\n\t\t\t<h4>Directeur de production \n\t\t\t\t<div class=\"listing-types-list\"><span class=\"job-type full-time\">CDI<\/span><\/div>\n\t\t\t\t\n\t\t\t<\/h4>\n\t\t\t<ul class=\"listing-icons\">\n\t\t\t\t\t\t\t\t\t\n\t\t\t\t\t\t\t\t\t\t\t\t\t<li><i class=\"ln ln-icon-Management\"><\/i> Labcremy<\/li>\n\t\t\t\t\t\t\t\t\n\t\t\t\t\t\t\t\t\t<li><i class=\"ln ln-icon-Map2\"><\/i> Somain 59490<\/li>\n\t\t\t\t\t\t\t\t\n\t\t\t\t\t\t\t\t\n\t\t\t\t\t\t\t\t\t\n\t\t\t\t\t\t\t\t\t\t\t\t\n\n\t\t\t\t\t\t\t\t\t\t\t\t\t\t\t\t<div class=\"listing-desc\"><p>De formation sup\u00e9rieure Ing\u00e9nieur g\u00e9n\u00e9raliste ou g\u00e9nie industriel, id\u00e9alement dipl\u00f4m\u00e9 d\u2019une grande \u00e9cole telle que les Arts et M\u00e9tiers, vous justifiez d\u2019une exp\u00e9rience confirm\u00e9e d\u2019au moins 10 \u00e0 15 ans&#8230;<\/p>\n<\/div>\n\t\t\t\t\t\t\t\t\t\n\t\t\t\t\n\t\t\t<\/ul>\n\t\t\t\n\t\t<\/div>\n\t<\/a>\n<\/li>\n                            <!-- Listing -->\n<li \ndata-longitude=\"\" \ndata-latitude=\"\" data-title=\"TECHNICIEN APPLICATION SOUDAGE H\/F\" \ndata-image=\"https:\/\/www.machinesproduction.fr\/emploi\/wp-content\/uploads\/job-manager-uploads\/company_logo\/2026\/03\/Logo.png\" \ndata-company=\"FRONIUS FRANCE\" \ndata-address=\"Roissy en France (95)\" \ndata-job_type=\"&lt;span class=&quot;job-type full-time&quot;&gt;CDI&lt;\/span&gt;\" \ndata-rate=\"\" \ndata-salary=\"\"\ndata-job_type_class=\"\"\n>\n\t<a href=\"https:\/\/www.machinesproduction.fr\/emploi\/poste\/fronius-france-roissy-en-france-95-2-technicien-application-soudage-h-f\/\" class=\"left post-4798 job_listing type-job_listing status-publish has-post-thumbnail hentry job_listing_category-equipement-industriel job_listing_type-full-time job_listing_tag-soudeur job_listing_tag-technicien job-type-cdi\" data-longitude=\"\" data-latitude=\"\">\n\t\t<div class=\"listing-logo\">\n\t\t\t<img decoding=\"async\" class=\"company_logo\" src=\"https:\/\/www.machinesproduction.fr\/emploi\/wp-content\/uploads\/job-manager-uploads\/company_logo\/2026\/03\/Logo.png\" alt=\"FRONIUS FRANCE\" \/>\t\t<\/div>\n\t\t<div class=\"listing-title\">\n\t\t\t<h4>TECHNICIEN APPLICATION SOUDAGE H\/F \n\t\t\t\t<div class=\"listing-types-list\"><span class=\"job-type full-time\">CDI<\/span><\/div>\n\t\t\t\t\n\t\t\t<\/h4>\n\t\t\t<ul class=\"listing-icons\">\n\t\t\t\t\t\t\t\t\t\n\t\t\t\t\t\t\t\t\t\t\t\t\t<li><i class=\"ln ln-icon-Management\"><\/i> FRONIUS FRANCE<\/li>\n\t\t\t\t\t\t\t\t\n\t\t\t\t\t\t\t\t\t<li><i class=\"ln ln-icon-Map2\"><\/i> Roissy en France (95)<\/li>\n\t\t\t\t\t\t\t\t\n\t\t\t\t\t\t\t\t\n\t\t\t\t\t\t\t\t\t\n\t\t\t\t\t\t\t\t\t\t\t\t\n\n\t\t\t\t\t\t\t\t\t\t\t\t\t\t\t\t<div class=\"listing-desc\"><p>Dans le cadre d\u2019un remplacement, nous recherchons un(e) Technicien(ne) application soudage. Vous aimez travailler pour des clients finaux exigeants dans des secteurs d&rsquo;activit\u00e9s fonctionnellement riches et complexes tels que l&rsquo;industrie&#8230;<\/p>\n<\/div>\n\t\t\t\t\t\t\t\t\t\n\t\t\t\t\n\t\t\t<\/ul>\n\t\t\t\n\t\t<\/div>\n\t<\/a>\n<\/li>\n                            <!-- Listing -->\n<li \ndata-longitude=\"\" \ndata-latitude=\"\" data-title=\"TOURNEUR CN MAZAK\" \ndata-image=\"https:\/\/www.machinesproduction.fr\/emploi\/wp-content\/uploads\/job-manager-uploads\/company_logo\/2026\/03\/LONG.jpg\" \ndata-company=\"2GPI\" \ndata-address=\"Veauche\" \ndata-job_type=\"&lt;span class=&quot;job-type full-time&quot;&gt;CDI&lt;\/span&gt;\" \ndata-rate=\"\" \ndata-salary=\"\"\ndata-job_type_class=\"\"\n>\n\t<a href=\"https:\/\/www.machinesproduction.fr\/emploi\/poste\/2gpi-veauche-2-tourneur-cn-mazak\/\" class=\"left post-4785 job_listing type-job_listing status-publish has-post-thumbnail hentry job_listing_category-usinage job_listing_type-full-time job-type-cdi\" data-longitude=\"\" data-latitude=\"\">\n\t\t<div class=\"listing-logo\">\n\t\t\t<img decoding=\"async\" class=\"company_logo\" src=\"https:\/\/www.machinesproduction.fr\/emploi\/wp-content\/uploads\/job-manager-uploads\/company_logo\/2026\/03\/LONG.jpg\" alt=\"2GPI\" \/>\t\t<\/div>\n\t\t<div class=\"listing-title\">\n\t\t\t<h4>TOURNEUR CN MAZAK \n\t\t\t\t<div class=\"listing-types-list\"><span class=\"job-type full-time\">CDI<\/span><\/div>\n\t\t\t\t\n\t\t\t<\/h4>\n\t\t\t<ul class=\"listing-icons\">\n\t\t\t\t\t\t\t\t\t\n\t\t\t\t\t\t\t\t\t\t\t\t\t<li><i class=\"ln ln-icon-Management\"><\/i> 2GPI<\/li>\n\t\t\t\t\t\t\t\t\n\t\t\t\t\t\t\t\t\t<li><i class=\"ln ln-icon-Map2\"><\/i> Veauche<\/li>\n\t\t\t\t\t\t\t\t\n\t\t\t\t\t\t\t\t\n\t\t\t\t\t\t\t\t\t\n\t\t\t\t\t\t\t\t\t\t\t\t\n\n\t\t\t\t\t\t\t\t\t\t\t\t\t\t\t\t<div class=\"listing-desc\"><p>NOUS RECRUTONS : TOURNEUR CN (MAZAK) 2GPi, entreprise de m\u00e9canique de pr\u00e9cision situ\u00e9e dans la Loire (Veauche) recherche Tourneur CN MAZAK confirm\u00e9. Contrat de travail en CDI \/ R\u00e9mun\u00e9ration avec&#8230;<\/p>\n<\/div>\n\t\t\t\t\t\t\t\t\t\n\t\t\t\t\n\t\t\t<\/ul>\n\t\t\t\n\t\t<\/div>\n\t<\/a>\n<\/li>\n            \r\n            <\/ul>\n\r\n            \r\n        <dialog class=\"jm-dialog\" id=\"jm_add_alert_modal\">\n\t<div class=\"jm-dialog-open\">\n\t\t<div class=\"jm-dialog-backdrop\" onclick=\"jm_add_alert_modal.close()\"><\/div>\n\t\t<div class=\"jm-dialog-modal \" style=\"width: 500px;\">\n\t\t\t<div class=\"jm-dialog-modal-container\">\n\t\t\t\t<div class=\"jm-dialog-modal-content\">\n<div class=\"jm-notice has-actions has-header\" role=\"status\">\n\t\t\t<div class=\"jm-notice__header\">\n\t\t\t\t\t\t<div class=\"jm-notice__title\">Ajouter une alerte<\/div>\n\t\t<\/div>\n\t\t\t\t<div\n\t\t\tclass=\"jm-notice__message-wrap\">\n\t\t\t\t\t\t\t\t\t<div\n\t\t\t\tclass=\"jm-notice__message  \">Connectez-vous ou cr\u00e9ez un compte pour poursuivre.<\/div>\n\t\t<\/div>\n\t\t\t\t\t<div class=\"jm-notice__footer\">\n\t\t\t<div class=\"jm-ui-actions-row\"><a class=\"jm-ui-button \" href=\"https:\/\/www.machinesproduction.fr\/emploi\/dashboard-page\/\"><span>Connexion<\/span><\/a><a class=\"jm-ui-button--outline \" href=\"https:\/\/www.machinesproduction.fr\/emploi\/wp-login.php?action=register\"><span>Cr\u00e9er un compte<\/span><\/a><\/div>\t\t<\/div>\n\t<\/div>\n<\/div>\n\t\t\t\t<a href=\"#\" role=\"button\" class=\"jm-ui-button--icon jm-dialog-close\" onclick=\"jm_add_alert_modal.close();  event.preventDefault();\" aria-label=\"Close\"><span class=\"jm-ui-button__icon\"><\/span><\/a>\n\t\t\t<\/div>\n\t\t<\/div>\n\t<\/div>\n<\/dialog><\/div>[\/vc_column][\/vc_row]<\/p>\n","protected":false},"excerpt":{"rendered":"<p>[vc_row css=\u00a0\u00bb.vc_custom_1618299801954{margin-top: 30px !important;padding-top: 30px !important;}\u00a0\u00bb][vc_column][\/vc_column][\/vc_row]<\/p>\n","protected":false},"author":1,"featured_media":0,"parent":0,"menu_order":0,"comment_status":"closed","ping_status":"closed","template":"template-jobs-no-map.php","meta":{"footnotes":""},"class_list":["post-23","page","type-page","status-publish","hentry"],"_links":{"self":[{"href":"https:\/\/www.machinesproduction.fr\/emploi\/wp-json\/wp\/v2\/pages\/23","targetHints":{"allow":["GET"]}}],"collection":[{"href":"https:\/\/www.machinesproduction.fr\/emploi\/wp-json\/wp\/v2\/pages"}],"about":[{"href":"https:\/\/www.machinesproduction.fr\/emploi\/wp-json\/wp\/v2\/types\/page"}],"author":[{"embeddable":true,"href":"https:\/\/www.machinesproduction.fr\/emploi\/wp-json\/wp\/v2\/users\/1"}],"replies":[{"embeddable":true,"href":"https:\/\/www.machinesproduction.fr\/emploi\/wp-json\/wp\/v2\/comments?post=23"}],"version-history":[{"count":6,"href":"https:\/\/www.machinesproduction.fr\/emploi\/wp-json\/wp\/v2\/pages\/23\/revisions"}],"predecessor-version":[{"id":187,"href":"https:\/\/www.machinesproduction.fr\/emploi\/wp-json\/wp\/v2\/pages\/23\/revisions\/187"}],"wp:attachment":[{"href":"https:\/\/www.machinesproduction.fr\/emploi\/wp-json\/wp\/v2\/media?parent=23"}],"curies":[{"name":"wp","href":"https:\/\/api.w.org\/{rel}","templated":true}]}}