
{"id":147,"date":"2021-02-11T16:13:09","date_gmt":"2021-02-11T15:13:09","guid":{"rendered":"https:\/\/www.machinesproduction.fr\/emploi\/les-emplois-disponibles\/"},"modified":"2021-04-12T19:32:59","modified_gmt":"2021-04-12T17:32:59","slug":"les-emplois-disponibles","status":"publish","type":"page","link":"https:\/\/www.machinesproduction.fr\/emploi\/les-emplois-disponibles\/","title":{"rendered":"Les emplois disponibles"},"content":{"rendered":"<div class=\"job_listings \" data-location=\"\" data-keywords=\"\" data-show_filters=\"true\" data-show_pagination=\"false\" data-job_types=\"\" data-per_page=\"10\" data-orderby=\"featured\" data-order=\"DESC\" data-categories=\"\" data-disable-form-state-storage=\"\" data-post_id=\"147\" >\n<form class=\"job_filters\">\n\t\n\t<div class=\"search_jobs\">\n\t\t\n\t\t<div class=\"search_keywords\">\n\t\t\t<label for=\"search_keywords\">Mots cl\u00e9s<\/label>\n\t\t\t<input type=\"text\" name=\"search_keywords\" id=\"search_keywords\" placeholder=\"Mots cl\u00e9s\" value=\"\" \/>\n\t\t<\/div>\n\n\t\t<div class=\"search_location\">\n\t\t\t<label for=\"search_location\">Emplacement<\/label>\n\t\t\t<input type=\"text\" name=\"search_location\" id=\"search_location\" placeholder=\"Emplacement\" value=\"\" \/>\n\t\t<\/div>\n\n\t\t\t\t\t<div class=\"search_remote_position\">\n\t\t\t\t<input type=\"checkbox\" class=\"input-checkbox\" name=\"remote_position\" id=\"remote_position\" placeholder=\"Emplacement\" value=\"1\"  \/>\n\t\t\t\t<label for=\"remote_position\" id=\"remote_position_label\">Postes en t\u00e9l\u00e9travail uniquement<\/label>\n\t\t\t<\/div>\n\t\t\n\t\t<div style=\"clear: both\"><\/div>\n\n\t\t\t\t\t<div class=\"search_categories\">\n\t\t\t\t<label for=\"search_categories\">Secteur d&#039;activit\u00e9<\/label>\n\t\t\t\t\t\t\t\t\t<select name='search_categories[]' id='search_categories' class='job-manager-category-dropdown '  data-placeholder='Choisissez une cat\u00e9gorie&hellip;' data-no_results_text='Aucun r\u00e9sultat' data-multiple_text='Choisir une option'>\n<option value=\"\">Toutes les cat\u00e9gories<\/option>\t<option class=\"level-0\" value=\"66\">Equipement industriel<\/option>\n\t<option class=\"level-0\" value=\"60\">Usinage<\/option>\n<\/select>\n\t\t\t\t\t\t\t<\/div>\n\t\t\n\t\t\t\t\t<div class=\"search_submit\">\n\t\t\t\t<input type=\"submit\" value=\"Rechercher un emploi\">\n\t\t\t<\/div>\n\t\t\n\t\t<div class=\"filter_wide filter_by_tag\">Filtrer par \u00e9tiquette\u00a0: <span class=\"filter_by_tag_cloud\"><\/span><\/div>\t<\/div>\n\n\t\n\t<ul class=\"job_types checkboxes\">\n\t\t\t\t\t<li>\n\t\t\t\t<input type=\"checkbox\" name=\"filter_job_type[]\" value=\"temporary\"  checked='checked' id=\"job_type_temporary\" \/>\n\t\t\t\t<label for=\"job_type_temporary\" class=\"cdd\"> CDD<\/label>\n\t\t\t<\/li>\n\t\t\t\t\t<li>\n\t\t\t\t<input type=\"checkbox\" name=\"filter_job_type[]\" value=\"full-time\"  checked='checked' id=\"job_type_full-time\" \/>\n\t\t\t\t<label for=\"job_type_full-time\" class=\"cdi\"> CDI<\/label>\n\t\t\t<\/li>\n\t\t\t\t\t<li>\n\t\t\t\t<input type=\"checkbox\" name=\"filter_job_type[]\" value=\"freelance\"  checked='checked' id=\"job_type_freelance\" \/>\n\t\t\t\t<label for=\"job_type_freelance\" class=\"freelance\"> Freelance<\/label>\n\t\t\t<\/li>\n\t\t\t\t\t<li>\n\t\t\t\t<input type=\"checkbox\" name=\"filter_job_type[]\" value=\"interimaire\"  checked='checked' id=\"job_type_interimaire\" \/>\n\t\t\t\t<label for=\"job_type_interimaire\" class=\"interimaire\"> Int\u00e9rimaire<\/label>\n\t\t\t<\/li>\n\t\t\t\t\t<li>\n\t\t\t\t<input type=\"checkbox\" name=\"filter_job_type[]\" value=\"internship\"  checked='checked' id=\"job_type_internship\" \/>\n\t\t\t\t<label for=\"job_type_internship\" class=\"stage-alternance\"> Stage \/ Alternance<\/label>\n\t\t\t<\/li>\n\t\t\t\t\t<li>\n\t\t\t\t<input type=\"checkbox\" name=\"filter_job_type[]\" value=\"part-time\"  checked='checked' id=\"job_type_part-time\" \/>\n\t\t\t\t<label for=\"job_type_part-time\" class=\"temps-partiel\"> Temps partiel<\/label>\n\t\t\t<\/li>\n\t\t\t<\/ul>\n\t<input type=\"hidden\" name=\"filter_job_type[]\" value=\"\" \/>\n<div class=\"showing_jobs\"><\/div><\/form>\n\n\n<noscript>Votre navigateur ne supporte pas JavaScript, ou bien JavaScript est d\u00e9sactiv\u00e9. JavaScript doit \u00eatre activ\u00e9 pour pouvoir visualiser des postes.<\/noscript>\n<ul class=\"job_listings job-list full \tnew-layout \">\n<\/ul>\n<a class=\"load_more_jobs\" href=\"#\" style=\"display:none;\"><strong>Load more listings<\/strong><\/a><dialog class=\"jm-dialog\" id=\"jm_add_alert_modal\">\n\t<div class=\"jm-dialog-open\">\n\t\t<div class=\"jm-dialog-backdrop\" onclick=\"jm_add_alert_modal.close()\"><\/div>\n\t\t<div class=\"jm-dialog-modal \" style=\"width: 500px;\">\n\t\t\t<div class=\"jm-dialog-modal-container\">\n\t\t\t\t<div class=\"jm-dialog-modal-content\">\n<div class=\"jm-notice has-actions has-header\" role=\"status\">\n\t\t\t<div class=\"jm-notice__header\">\n\t\t\t\t\t\t<div class=\"jm-notice__title\">Ajouter une alerte<\/div>\n\t\t<\/div>\n\t\t\t\t<div\n\t\t\tclass=\"jm-notice__message-wrap\">\n\t\t\t\t\t\t\t\t\t<div\n\t\t\t\tclass=\"jm-notice__message  \">Connectez-vous ou cr\u00e9ez un compte pour poursuivre.<\/div>\n\t\t<\/div>\n\t\t\t\t\t<div class=\"jm-notice__footer\">\n\t\t\t<div class=\"jm-ui-actions-row\"><a class=\"jm-ui-button \" href=\"https:\/\/www.machinesproduction.fr\/emploi\/dashboard-page\/\"><span>Connexion<\/span><\/a><a class=\"jm-ui-button--outline \" href=\"https:\/\/www.machinesproduction.fr\/emploi\/wp-login.php?action=register\"><span>Cr\u00e9er un compte<\/span><\/a><\/div>\t\t<\/div>\n\t<\/div>\n<\/div>\n\t\t\t\t<a href=\"#\" role=\"button\" class=\"jm-ui-button--icon jm-dialog-close\" onclick=\"jm_add_alert_modal.close();  event.preventDefault();\" aria-label=\"Close\"><span class=\"jm-ui-button__icon\"><\/span><\/a>\n\t\t\t<\/div>\n\t\t<\/div>\n\t<\/div>\n<\/dialog><\/div>\n","protected":false},"excerpt":{"rendered":"Mots cl\u00e9s Emplacement Postes en t\u00e9l\u00e9travail uniquement Secteur d&#039;activit\u00e9 Toutes les cat\u00e9gories Equipement industriel Usinage Filtrer par \u00e9tiquette\u00a0: CDD CDI Freelance Int\u00e9rimaire Stage \/ Alternance Temps partiel Votre navigateur ne...","protected":false},"author":1,"featured_media":0,"parent":0,"menu_order":0,"comment_status":"closed","ping_status":"closed","template":"","meta":{"footnotes":""},"class_list":["post-147","page","type-page","status-publish","hentry"],"_links":{"self":[{"href":"https:\/\/www.machinesproduction.fr\/emploi\/wp-json\/wp\/v2\/pages\/147","targetHints":{"allow":["GET"]}}],"collection":[{"href":"https:\/\/www.machinesproduction.fr\/emploi\/wp-json\/wp\/v2\/pages"}],"about":[{"href":"https:\/\/www.machinesproduction.fr\/emploi\/wp-json\/wp\/v2\/types\/page"}],"author":[{"embeddable":true,"href":"https:\/\/www.machinesproduction.fr\/emploi\/wp-json\/wp\/v2\/users\/1"}],"replies":[{"embeddable":true,"href":"https:\/\/www.machinesproduction.fr\/emploi\/wp-json\/wp\/v2\/comments?post=147"}],"version-history":[{"count":1,"href":"https:\/\/www.machinesproduction.fr\/emploi\/wp-json\/wp\/v2\/pages\/147\/revisions"}],"predecessor-version":[{"id":184,"href":"https:\/\/www.machinesproduction.fr\/emploi\/wp-json\/wp\/v2\/pages\/147\/revisions\/184"}],"wp:attachment":[{"href":"https:\/\/www.machinesproduction.fr\/emploi\/wp-json\/wp\/v2\/media?parent=147"}],"curies":[{"name":"wp","href":"https:\/\/api.w.org\/{rel}","templated":true}]}}